{"id":10573,"date":"2025-05-05T07:23:40","date_gmt":"2025-05-05T05:23:40","guid":{"rendered":"https:\/\/www.kunstfuerangeln.de\/oejeblikke-og-minder"},"modified":"2026-03-14T11:42:22","modified_gmt":"2026-03-14T10:42:22","slug":"oejeblikke-og-minder","status":"publish","type":"page","link":"https:\/\/www.kunstfuerangeln.de\/da\/oejeblikke-og-minder","title":{"rendered":"\u00d8JEBLIKKE OG MINDER"},"content":{"rendered":"\n<h1 class=\"wp-block-heading\">MOMENTS &amp; MEMORIES &#8211; Mesterv\u00e6rker af fotografisk kunst<\/h1>\n\n<p style=\"font-size:24px\">Fotografiet som medie er af enest\u00e5ende betydning for kunsten. Mange ikoniske billeder vil blive vist i udstillingen fra 28. september 2025.<\/p>\n\n<p>Uanset om det er sort-hvid eller i farver, polaroids eller fotomontager: Kunstnere i alle genrer har skabt store v\u00e6rker takket v\u00e6re dette medie, siden teknikken blev introduceret. De vigtigste fotografiske kunstv\u00e6rker fra Roosen-Trinks-samlingen vil blive pr\u00e6senteret p\u00e5 Kunst f\u00fcr Angeln e.V.&#8217;s efter\u00e5rsudstilling.  <\/p>\n\n<figure class=\"wp-block-gallery has-nested-images columns-default is-cropped wp-block-gallery-1 is-layout-flex wp-block-gallery-is-layout-flex\">\n<figure class=\"wp-block-image size-large\"><img loading=\"lazy\" decoding=\"async\" width=\"695\" height=\"1024\" data-id=\"8825\" src=\"https:\/\/www.kunstfuerangeln.de\/wp-content\/uploads\/2025\/05\/paris-695x1024.jpg\" alt=\"\" class=\"wp-image-8825\" srcset=\"https:\/\/www.kunstfuerangeln.de\/wp-content\/uploads\/2025\/05\/paris-695x1024.jpg 695w, https:\/\/www.kunstfuerangeln.de\/wp-content\/uploads\/2025\/05\/paris-204x300.jpg 204w, https:\/\/www.kunstfuerangeln.de\/wp-content\/uploads\/2025\/05\/paris-768x1131.jpg 768w, https:\/\/www.kunstfuerangeln.de\/wp-content\/uploads\/2025\/05\/paris-1043x1536.jpg 1043w, https:\/\/www.kunstfuerangeln.de\/wp-content\/uploads\/2025\/05\/paris-1391x2048.jpg 1391w, https:\/\/www.kunstfuerangeln.de\/wp-content\/uploads\/2025\/05\/paris-scaled.jpg 1738w\" sizes=\"auto, (max-width: 695px) 100vw, 695px\" \/><\/figure>\n\n\n\n<figure class=\"wp-block-image size-large\"><img loading=\"lazy\" decoding=\"async\" width=\"856\" height=\"1024\" data-id=\"8823\" src=\"https:\/\/www.kunstfuerangeln.de\/wp-content\/uploads\/2025\/05\/beverly-856x1024.jpg\" alt=\"\" class=\"wp-image-8823\" srcset=\"https:\/\/www.kunstfuerangeln.de\/wp-content\/uploads\/2025\/05\/beverly-856x1024.jpg 856w, https:\/\/www.kunstfuerangeln.de\/wp-content\/uploads\/2025\/05\/beverly-251x300.jpg 251w, https:\/\/www.kunstfuerangeln.de\/wp-content\/uploads\/2025\/05\/beverly-768x919.jpg 768w, https:\/\/www.kunstfuerangeln.de\/wp-content\/uploads\/2025\/05\/beverly-1284x1536.jpg 1284w, https:\/\/www.kunstfuerangeln.de\/wp-content\/uploads\/2025\/05\/beverly-1712x2048.jpg 1712w, https:\/\/www.kunstfuerangeln.de\/wp-content\/uploads\/2025\/05\/beverly.jpg 1827w\" sizes=\"auto, (max-width: 856px) 100vw, 856px\" \/><\/figure>\n\n\n\n<figure class=\"wp-block-image size-large\"><img loading=\"lazy\" decoding=\"async\" width=\"731\" height=\"1024\" data-id=\"8819\" src=\"https:\/\/www.kunstfuerangeln.de\/wp-content\/uploads\/2025\/05\/scale-731x1024.jpg\" alt=\"\" class=\"wp-image-8819\" srcset=\"https:\/\/www.kunstfuerangeln.de\/wp-content\/uploads\/2025\/05\/scale-731x1024.jpg 731w, https:\/\/www.kunstfuerangeln.de\/wp-content\/uploads\/2025\/05\/scale-214x300.jpg 214w, https:\/\/www.kunstfuerangeln.de\/wp-content\/uploads\/2025\/05\/scale-768x1075.jpg 768w, https:\/\/www.kunstfuerangeln.de\/wp-content\/uploads\/2025\/05\/scale-1097x1536.jpg 1097w, https:\/\/www.kunstfuerangeln.de\/wp-content\/uploads\/2025\/05\/scale.jpg 1410w\" sizes=\"auto, (max-width: 731px) 100vw, 731px\" \/><\/figure>\n\n\n\n<figure class=\"wp-block-image size-large\"><img loading=\"lazy\" decoding=\"async\" width=\"790\" height=\"1024\" data-id=\"8815\" src=\"https:\/\/www.kunstfuerangeln.de\/wp-content\/uploads\/2025\/05\/benz-790x1024.jpg\" alt=\"\" class=\"wp-image-8815\" srcset=\"https:\/\/www.kunstfuerangeln.de\/wp-content\/uploads\/2025\/05\/benz-790x1024.jpg 790w, https:\/\/www.kunstfuerangeln.de\/wp-content\/uploads\/2025\/05\/benz-231x300.jpg 231w, https:\/\/www.kunstfuerangeln.de\/wp-content\/uploads\/2025\/05\/benz-768x996.jpg 768w, https:\/\/www.kunstfuerangeln.de\/wp-content\/uploads\/2025\/05\/benz.jpg 908w\" sizes=\"auto, (max-width: 790px) 100vw, 790px\" \/><\/figure>\n\n\n\n<figure class=\"wp-block-image size-large\"><img loading=\"lazy\" decoding=\"async\" width=\"1024\" height=\"695\" data-id=\"8817\" src=\"https:\/\/www.kunstfuerangeln.de\/wp-content\/uploads\/2025\/05\/camel-1024x695.jpg\" alt=\"\" class=\"wp-image-8817\" srcset=\"https:\/\/www.kunstfuerangeln.de\/wp-content\/uploads\/2025\/05\/camel-1024x695.jpg 1024w, https:\/\/www.kunstfuerangeln.de\/wp-content\/uploads\/2025\/05\/camel-300x204.jpg 300w, https:\/\/www.kunstfuerangeln.de\/wp-content\/uploads\/2025\/05\/camel-768x521.jpg 768w, https:\/\/www.kunstfuerangeln.de\/wp-content\/uploads\/2025\/05\/camel-1536x1043.jpg 1536w, https:\/\/www.kunstfuerangeln.de\/wp-content\/uploads\/2025\/05\/camel-2048x1390.jpg 2048w\" sizes=\"auto, (max-width: 1024px) 100vw, 1024px\" \/><\/figure>\n\n\n\n<figure class=\"wp-block-image size-large\"><img loading=\"lazy\" decoding=\"async\" width=\"1012\" height=\"1024\" data-id=\"8821\" src=\"https:\/\/www.kunstfuerangeln.de\/wp-content\/uploads\/2025\/05\/vase-1012x1024.jpg\" alt=\"\" class=\"wp-image-8821\" srcset=\"https:\/\/www.kunstfuerangeln.de\/wp-content\/uploads\/2025\/05\/vase-1012x1024.jpg 1012w, https:\/\/www.kunstfuerangeln.de\/wp-content\/uploads\/2025\/05\/vase-296x300.jpg 296w, https:\/\/www.kunstfuerangeln.de\/wp-content\/uploads\/2025\/05\/vase-768x777.jpg 768w, https:\/\/www.kunstfuerangeln.de\/wp-content\/uploads\/2025\/05\/vase-1517x1536.jpg 1517w, https:\/\/www.kunstfuerangeln.de\/wp-content\/uploads\/2025\/05\/vase-2023x2048.jpg 2023w\" sizes=\"auto, (max-width: 1012px) 100vw, 1012px\" \/><\/figure>\n<\/figure>\n","protected":false},"excerpt":{"rendered":"<p>MOMENTS &amp; MEMORIES &#8211; Mesterv\u00e6rker af fotografisk kunst Fotografiet som medie er af enest\u00e5ende betydning for kunsten. Mange ikoniske billeder vil blive vist i udstillingen fra 28. september 2025. Uanset om det er sort-hvid eller i farver, polaroids eller fotomontager: Kunstnere i alle genrer har skabt store v\u00e6rker takket v\u00e6re dette medie, siden teknikken blev [&hellip;]<\/p>\n","protected":false},"author":7,"featured_media":0,"parent":0,"menu_order":0,"comment_status":"closed","ping_status":"closed","template":"","meta":{"_acf_changed":false,"footnotes":""},"class_list":["post-10573","page","type-page","status-publish","hentry"],"acf":[],"_links":{"self":[{"href":"https:\/\/www.kunstfuerangeln.de\/da\/wp-json\/wp\/v2\/pages\/10573","targetHints":{"allow":["GET"]}}],"collection":[{"href":"https:\/\/www.kunstfuerangeln.de\/da\/wp-json\/wp\/v2\/pages"}],"about":[{"href":"https:\/\/www.kunstfuerangeln.de\/da\/wp-json\/wp\/v2\/types\/page"}],"author":[{"embeddable":true,"href":"https:\/\/www.kunstfuerangeln.de\/da\/wp-json\/wp\/v2\/users\/7"}],"replies":[{"embeddable":true,"href":"https:\/\/www.kunstfuerangeln.de\/da\/wp-json\/wp\/v2\/comments?post=10573"}],"version-history":[{"count":1,"href":"https:\/\/www.kunstfuerangeln.de\/da\/wp-json\/wp\/v2\/pages\/10573\/revisions"}],"predecessor-version":[{"id":10580,"href":"https:\/\/www.kunstfuerangeln.de\/da\/wp-json\/wp\/v2\/pages\/10573\/revisions\/10580"}],"wp:attachment":[{"href":"https:\/\/www.kunstfuerangeln.de\/da\/wp-json\/wp\/v2\/media?parent=10573"}],"curies":[{"name":"wp","href":"https:\/\/api.w.org\/{rel}","templated":true}]}}

ØJEBLIKKE OG MINDER

<h1 class="wp-block-heading">MOMENTS &amp; MEMORIES &#8211; Mesterværker af fotografisk kunst</h1>

<p style="font-size:24px">Fotografiet som medie er af enestående betydning for kunsten. Mange ikoniske billeder vil blive vist i udstillingen fra 28. september 2025.</p>

<p>Uanset om det er sort-hvid eller i farver, polaroids eller fotomontager: Kunstnere i alle genrer har skabt store værker takket være dette medie, siden teknikken blev introduceret. De vigtigste fotografiske kunstværker fra Roosen-Trinks-samlingen vil blive præsenteret på Kunst für Angeln e.V.&#8217;s efterårsudstilling.  </p>

<figure class="wp-block-gallery has-nested-images columns-default is-cropped wp-block-gallery-1 is-layout-flex wp-block-gallery-is-layout-flex">
<figure class="wp-block-image size-large"><img loading="lazy" decoding="async" width="695" height="1024" data-id="8825" src="https://www.kunstfuerangeln.de/wp-content/uploads/2025/05/paris-695x1024.jpg" alt="" class="wp-image-8825" srcset="https://www.kunstfuerangeln.de/wp-content/uploads/2025/05/paris-695x1024.jpg 695w, https://www.kunstfuerangeln.de/wp-content/uploads/2025/05/paris-204x300.jpg 204w, https://www.kunstfuerangeln.de/wp-content/uploads/2025/05/paris-768x1131.jpg 768w, https://www.kunstfuerangeln.de/wp-content/uploads/2025/05/paris-1043x1536.jpg 1043w, https://www.kunstfuerangeln.de/wp-content/uploads/2025/05/paris-1391x2048.jpg 1391w, https://www.kunstfuerangeln.de/wp-content/uploads/2025/05/paris-scaled.jpg 1738w" sizes="auto, (max-width: 695px) 100vw, 695px" /></figure>



<figure class="wp-block-image size-large"><img loading="lazy" decoding="async" width="856" height="1024" data-id="8823" src="https://www.kunstfuerangeln.de/wp-content/uploads/2025/05/beverly-856x1024.jpg" alt="" class="wp-image-8823" srcset="https://www.kunstfuerangeln.de/wp-content/uploads/2025/05/beverly-856x1024.jpg 856w, https://www.kunstfuerangeln.de/wp-content/uploads/2025/05/beverly-251x300.jpg 251w, https://www.kunstfuerangeln.de/wp-content/uploads/2025/05/beverly-768x919.jpg 768w, https://www.kunstfuerangeln.de/wp-content/uploads/2025/05/beverly-1284x1536.jpg 1284w, https://www.kunstfuerangeln.de/wp-content/uploads/2025/05/beverly-1712x2048.jpg 1712w, https://www.kunstfuerangeln.de/wp-content/uploads/2025/05/beverly.jpg 1827w" sizes="auto, (max-width: 856px) 100vw, 856px" /></figure>



<figure class="wp-block-image size-large"><img loading="lazy" decoding="async" width="731" height="1024" data-id="8819" src="https://www.kunstfuerangeln.de/wp-content/uploads/2025/05/scale-731x1024.jpg" alt="" class="wp-image-8819" srcset="https://www.kunstfuerangeln.de/wp-content/uploads/2025/05/scale-731x1024.jpg 731w, https://www.kunstfuerangeln.de/wp-content/uploads/2025/05/scale-214x300.jpg 214w, https://www.kunstfuerangeln.de/wp-content/uploads/2025/05/scale-768x1075.jpg 768w, https://www.kunstfuerangeln.de/wp-content/uploads/2025/05/scale-1097x1536.jpg 1097w, https://www.kunstfuerangeln.de/wp-content/uploads/2025/05/scale.jpg 1410w" sizes="auto, (max-width: 731px) 100vw, 731px" /></figure>



<figure class="wp-block-image size-large"><img loading="lazy" decoding="async" width="790" height="1024" data-id="8815" src="https://www.kunstfuerangeln.de/wp-content/uploads/2025/05/benz-790x1024.jpg" alt="" class="wp-image-8815" srcset="https://www.kunstfuerangeln.de/wp-content/uploads/2025/05/benz-790x1024.jpg 790w, https://www.kunstfuerangeln.de/wp-content/uploads/2025/05/benz-231x300.jpg 231w, https://www.kunstfuerangeln.de/wp-content/uploads/2025/05/benz-768x996.jpg 768w, https://www.kunstfuerangeln.de/wp-content/uploads/2025/05/benz.jpg 908w" sizes="auto, (max-width: 790px) 100vw, 790px" /></figure>



<figure class="wp-block-image size-large"><img loading="lazy" decoding="async" width="1024" height="695" data-id="8817" src="https://www.kunstfuerangeln.de/wp-content/uploads/2025/05/camel-1024x695.jpg" alt="" class="wp-image-8817" srcset="https://www.kunstfuerangeln.de/wp-content/uploads/2025/05/camel-1024x695.jpg 1024w, https://www.kunstfuerangeln.de/wp-content/uploads/2025/05/camel-300x204.jpg 300w, https://www.kunstfuerangeln.de/wp-content/uploads/2025/05/camel-768x521.jpg 768w, https://www.kunstfuerangeln.de/wp-content/uploads/2025/05/camel-1536x1043.jpg 1536w, https://www.kunstfuerangeln.de/wp-content/uploads/2025/05/camel-2048x1390.jpg 2048w" sizes="auto, (max-width: 1024px) 100vw, 1024px" /></figure>



<figure class="wp-block-image size-large"><img loading="lazy" decoding="async" width="1012" height="1024" data-id="8821" src="https://www.kunstfuerangeln.de/wp-content/uploads/2025/05/vase-1012x1024.jpg" alt="" class="wp-image-8821" srcset="https://www.kunstfuerangeln.de/wp-content/uploads/2025/05/vase-1012x1024.jpg 1012w, https://www.kunstfuerangeln.de/wp-content/uploads/2025/05/vase-296x300.jpg 296w, https://www.kunstfuerangeln.de/wp-content/uploads/2025/05/vase-768x777.jpg 768w, https://www.kunstfuerangeln.de/wp-content/uploads/2025/05/vase-1517x1536.jpg 1517w, https://www.kunstfuerangeln.de/wp-content/uploads/2025/05/vase-2023x2048.jpg 2023w" sizes="auto, (max-width: 1012px) 100vw, 1012px" /></figure>
</figure>

<p>MOMENTS &amp; MEMORIES &#8211; Mesterværker af fotografisk kunst Fotografiet som medie er af enestående betydning for kunsten. Mange ikoniske billeder vil blive vist i udstillingen fra 28. september 2025. Uanset om det er sort-hvid eller i farver, polaroids eller fotomontager: Kunstnere i alle genrer har skabt store værker takket være dette medie, siden teknikken blev [&hellip;]</p>
