{"id":10607,"date":"2025-04-02T15:00:08","date_gmt":"2025-04-02T13:00:08","guid":{"rendered":"https:\/\/www.kunstfuerangeln.de\/pressemeddelelse-information-om-arrangementer"},"modified":"2026-03-14T11:42:29","modified_gmt":"2026-03-14T10:42:29","slug":"pressemeddelelse-information-om-arrangementer","status":"publish","type":"page","link":"https:\/\/www.kunstfuerangeln.de\/da\/pressemeddelelse-information-om-arrangementer","title":{"rendered":"PRESSEMEDDELELSE &#8211; INFORMATION OM ARRANGEMENTER"},"content":{"rendered":"\n<h1 class=\"wp-block-heading\">PRESSEMEDDELELSE &#8211; INFORMATION OM ARRANGEMENTER<\/h1>\n\n<p class=\"has-medium-font-size\"><br \/>Kunst f\u00fcr Angeln e.V. g\u00f8r noget for det tysk-danske venskab! Foreningen, der blev grundlagt i 2022, starter for\u00e5ret 2025 med nye v\u00e6rker af kunstnere fra Danmark og Slesvig-Holsten om, hvordan lyset og landskabet her i nord p\u00e5virker deres kreative arbejde! Derudover vises der ogs\u00e5 v\u00e6rker om samme tema af 2 hollandske kunstnere, som begge har boet i Angeln i mange \u00e5r.<br \/>\u00c5bning: S\u00f8ndag den 6.4.25 kl. 14:00  <br \/><strong>Forh\u00e5ndsvisning: Fredag den 4. april kl. 12.00 <br \/>Pressearrangement: Torsdag 3.4. kl. 12.00 (kurator Thomas Lunau vil v\u00e6re til stede)  <\/strong><\/p>\n\n<div class=\"wp-block-buttons is-layout-flex wp-block-buttons-is-layout-flex\">\n<div class=\"wp-block-button is-style-outline is-style-outline--1\"><a class=\"wp-block-button__link wp-element-button\" href=\"https:\/\/www.kunstfuerangeln.de\/wp-content\/uploads\/2025\/04\/2025_03_KFA_Licht_u_Landschaft_PM.pdf\">Brochure<\/a><\/div>\n<\/div>\n","protected":false},"excerpt":{"rendered":"<p>PRESSEMEDDELELSE &#8211; INFORMATION OM ARRANGEMENTER Kunst f\u00fcr Angeln e.V. g\u00f8r noget for det tysk-danske venskab! Foreningen, der blev grundlagt i 2022, starter for\u00e5ret 2025 med nye v\u00e6rker af kunstnere fra Danmark og Slesvig-Holsten om, hvordan lyset og landskabet her i nord p\u00e5virker deres kreative arbejde! Derudover vises der ogs\u00e5 v\u00e6rker om samme tema af 2 [&hellip;]<\/p>\n","protected":false},"author":7,"featured_media":0,"parent":0,"menu_order":0,"comment_status":"closed","ping_status":"closed","template":"","meta":{"_acf_changed":false,"footnotes":""},"class_list":["post-10607","page","type-page","status-publish","hentry"],"acf":[],"_links":{"self":[{"href":"https:\/\/www.kunstfuerangeln.de\/da\/wp-json\/wp\/v2\/pages\/10607","targetHints":{"allow":["GET"]}}],"collection":[{"href":"https:\/\/www.kunstfuerangeln.de\/da\/wp-json\/wp\/v2\/pages"}],"about":[{"href":"https:\/\/www.kunstfuerangeln.de\/da\/wp-json\/wp\/v2\/types\/page"}],"author":[{"embeddable":true,"href":"https:\/\/www.kunstfuerangeln.de\/da\/wp-json\/wp\/v2\/users\/7"}],"replies":[{"embeddable":true,"href":"https:\/\/www.kunstfuerangeln.de\/da\/wp-json\/wp\/v2\/comments?post=10607"}],"version-history":[{"count":1,"href":"https:\/\/www.kunstfuerangeln.de\/da\/wp-json\/wp\/v2\/pages\/10607\/revisions"}],"predecessor-version":[{"id":10608,"href":"https:\/\/www.kunstfuerangeln.de\/da\/wp-json\/wp\/v2\/pages\/10607\/revisions\/10608"}],"wp:attachment":[{"href":"https:\/\/www.kunstfuerangeln.de\/da\/wp-json\/wp\/v2\/media?parent=10607"}],"curies":[{"name":"wp","href":"https:\/\/api.w.org\/{rel}","templated":true}]}}

<h1 class="wp-block-heading">PRESSEMEDDELELSE &#8211; INFORMATION OM ARRANGEMENTER</h1>

<p class="has-medium-font-size"><br />Kunst für Angeln e.V. gør noget for det tysk-danske venskab! Foreningen, der blev grundlagt i 2022, starter foråret 2025 med nye værker af kunstnere fra Danmark og Slesvig-Holsten om, hvordan lyset og landskabet her i nord påvirker deres kreative arbejde! Derudover vises der også værker om samme tema af 2 hollandske kunstnere, som begge har boet i Angeln i mange år.<br />Åbning: Søndag den 6.4.25 kl. 14:00  <br /><strong>Forhåndsvisning: Fredag den 4. april kl. 12.00 <br />Pressearrangement: Torsdag 3.4. kl. 12.00 (kurator Thomas Lunau vil være til stede)  </strong></p>

<div class="wp-block-buttons is-layout-flex wp-block-buttons-is-layout-flex">
<div class="wp-block-button is-style-outline is-style-outline--1"><a class="wp-block-button__link wp-element-button" href="https://www.kunstfuerangeln.de/wp-content/uploads/2025/04/2025_03_KFA_Licht_u_Landschaft_PM.pdf">Brochure</a></div>
</div>

<p>PRESSEMEDDELELSE &#8211; INFORMATION OM ARRANGEMENTER Kunst für Angeln e.V. gør noget for det tysk-danske venskab! Foreningen, der blev grundlagt i 2022, starter foråret 2025 med nye værker af kunstnere fra Danmark og Slesvig-Holsten om, hvordan lyset og landskabet her i nord påvirker deres kreative arbejde! Derudover vises der også værker om samme tema af 2 [&hellip;]</p>
