{"id":10617,"date":"2025-04-07T08:34:55","date_gmt":"2025-04-07T06:34:55","guid":{"rendered":"https:\/\/www.kunstfuerangeln.de\/hollandske-udsigter-lys-og-landskab-i-nordens-kunst"},"modified":"2026-03-14T11:42:39","modified_gmt":"2026-03-14T10:42:39","slug":"hollandske-udsigter-lys-og-landskab-i-nordens-kunst","status":"publish","type":"page","link":"https:\/\/www.kunstfuerangeln.de\/da\/hollandske-udsigter-lys-og-landskab-i-nordens-kunst","title":{"rendered":"HOLLANDSKE UDSIGTER &#8211; LYS OG LANDSKAB I NORDENS KUNST"},"content":{"rendered":"\n<h1 class=\"wp-block-heading\">DUTCH VIEWS &amp; LIGHT AND LANDSCAPE &#8211; LYS OG LANDSKAB I NORDENS KUNST<\/h1>\n\n\n\n<p class=\"has-medium-font-size\">Vores for\u00e5rsudstilling 2025 &#8221; <strong><a href=\"https:\/\/www.kunstfuerangeln.de\/da\/lys-landskab-i-nord\">Lys og Landskab<\/a> <\/strong>&#8221; var dedikeret til den indflydelse, som lys og landskabsformationer i det nordlige Slesvig-Holsten og Danmark har p\u00e5 regionens kunstnere. Det bestod af to omr\u00e5der: Del I &#8211; Samarbejde mellem skabende kunstnere fra Danmark og Slesvig-Holsten. Del II &#8211; <strong>DUTCH VIEWS &amp; LIGHT AND LANDSCAPE<\/strong>: For f\u00f8rste gang var en kunstner fra Holland inviteret.<\/p>\n\n<p>Som en del af udstillingsafsnittet <strong>&#8220;Dutch Views&#8221; <\/strong>viste Kunst f\u00fcr Angeln e.V. kunstv\u00e6rker af Maritta Hobe-Gelting og Gert Hein de Visser &#8211; begge fra Kongeriget Nederlandene. V\u00e6rker af de to har aldrig v\u00e6ret udstillet sammen f\u00f8r.<\/p>\n\n<p><strong>Maritta Hobe-Gelting og Gert Hein de Visser &#8211; <\/strong>2 hollandske kunstnere i Angeln, hvis kunst ikke kunne v\u00e6re mere forskellig. Den ene var inspireret af lyset og naturen i det nordlige Slesvig-Holsten &#8211; og hendes barndom var pr\u00e6get af de gamle mestermalerier fra hendes hjemland Holland. Den anden er altid inspireret af sociale strukturer og hans f\u00f8lelsesm\u00e6ssige verden. Hans &#8220;landskaber&#8221; er malet i form af kartografiske strukturer, og man kan se, at kunstneren bruger enormt meget tid og omhyggelighed p\u00e5 dem.<\/p>\n\n<p>Med udstillingen <strong>&#8220;DUTCH VIEWS &amp; LIGHT and LANDSCAPE &#8211; LIGHT AND LANDSCAPE OF THE NORTH IN ART&#8221; <\/strong>fejrede foreningen KUNST F\u00dcR ANGELN e.V. i 2025 den 1000 \u00e5r gamle forbindelse mellem Holland og SCHLESWIG-HOLSTEIN p\u00e5 en kunstnerisk m\u00e5de.<\/p>\n\n<p>Med v\u00e6rker af en hollandsk kunstner og en hollandsk kunstner, som begge &#8211; uafh\u00e6ngigt af hinanden &#8211; blev p\u00e5virket af Gerrit Rietveld Art Academy i Amsterdam, den ene gennem studier, den anden gennem mentorordninger, og som begge nu er bosat i Angeln. Den ene i Gelting, den anden i Schnarup-Thumby,<\/p>\n\n<p><strong>Vi unders\u00f8gte sp\u00f8rgsm\u00e5let: &#8220;Er disse to hollandske kunstnere inspireret af lyset og naturen i deres hjemland? P\u00e5virket af de ber\u00f8mte landskabsmalerier og portr\u00e6tter af de gamle hollandske mestre som Rembrandt, Vermeer, Rubens, Van Gogh, van Ruysdael, Frans Hals &#8211; for blot at n\u00e6vne nogle f\u00e5?  <\/strong>For den ene kunne sp\u00f8rgsm\u00e5let besvares med et &#8220;ja, til dels&#8221;, for den anden med et klart &#8220;nej&#8221;. Og det resulterede i en interessant sp\u00e6ndingsbue, da de tos v\u00e6rker blev stillet op over for hinanden i vores udstilling og bragt i dialog.<\/p>\n\n<p>Betegnelsen &#8220;hollandske mestre&#8221; blev engang valgt for at understrege de hollandske maleres enest\u00e5ende talent. Navnet understreger deres mesterlige perfektion og deres ubestridte indflydelse p\u00e5 kunsthistorien.<\/p>\n\n<p>Den hollandske kvinde Maritta Hobe-Gelting er kendetegnet ved dette &#8211; og Gert Hein de Visser er det slet ikke &#8211; begge gik deres egne kunstneriske veje efter endt uddannelse.<\/p>\n\n<p><strong>Ingrid Roosen-Trinks, formand for foreningen KUNST F\u00dcR ANGELN e.V:<\/strong><\/p>\n\n<p>&#8220;Maritta Hobe-Geltings og Gert Hein de Vissers v\u00e6rker er ikke kun kontrastfyldte og en opdagelse, men det er ogs\u00e5 en stor \u00e6re at kunne udstille deres kunstv\u00e6rker offentligt her p\u00e5 Wittkielhof for f\u00f8rste gang. Foreningen Kunst f\u00fcr Angeln e.V. skaber ikke kun adgang til kunst for alle, der bor, arbejder og g\u00e5r i skole i Angeln, men fremmer ogs\u00e5 kunstnere fra regionen. Det bliver sp\u00e6ndende for alle bes\u00f8gende at opdage den hollandske indflydelse i Maritta Hobe-Geltings malerier og tegninger og at sammenligne dem med Gert Hein de Vissers v\u00e6rker og kunstv\u00e6rker fra samtidskunstsamlingen Roosen-Trinks, som er i dialog med dem. Vi \u00f8nsker at belyse begge kunstneres v\u00e6rker som historiske begivenheder og fremh\u00e6ve kontrasterne.&#8221;<\/p>\n\n<hr class=\"wp-block-separator has-alpha-channel-opacity\"\/>\n\n<p><strong>Maritta Hobe-Gelting: <\/strong>&#8220;Som barn og ung var jeg meget optaget af at male og malede meget. Efter at have studeret rumfart i Holland studerede jeg maleri i M\u00fcnchen. Ud over en meget succesfuld karriere inden for luftfart og erhvervsliv var min far en talentfuld maler og opmuntrede mig i mine studier.<\/p>\n\n<p>Jeg har et atelier her p\u00e5 Gelting Slot &#8211; men jeg har ikke haft meget tid til at male i de senere \u00e5r. Jeg havde aldrig troet, at jeg ville intensivere mit maleri igen og ogs\u00e5 udstille det. Men gennem min kontakt med bl.a. foreningen KUNST F\u00dcR ANGELN f\u00f8lte jeg mig inspireret til at arbejde mere malerisk igen. Da jeg blev spurgt, om jeg kunne forestille mig at levere kunstv\u00e6rker til en udstilling, og samtidig fik en anden henvendelse om en udstilling, blev jeg motiveret til at komme i gang igen!&#8221;<\/p>\n\n<div class=\"wp-block-columns is-layout-flex wp-container-core-columns-is-layout-9d6595d7 wp-block-columns-is-layout-flex\">\n<div class=\"wp-block-column is-layout-flow wp-block-column-is-layout-flow\">\n<figure class=\"wp-block-image size-full\"><img loading=\"lazy\" decoding=\"async\" width=\"729\" height=\"517\" src=\"https:\/\/www.kunstfuerangeln.de\/wp-content\/uploads\/2025\/04\/MARITTA-HOBE-GELTING-1.jpg\" alt=\"\" class=\"wp-image-8459\" srcset=\"https:\/\/www.kunstfuerangeln.de\/wp-content\/uploads\/2025\/04\/MARITTA-HOBE-GELTING-1.jpg 729w, https:\/\/www.kunstfuerangeln.de\/wp-content\/uploads\/2025\/04\/MARITTA-HOBE-GELTING-1-300x213.jpg 300w\" sizes=\"auto, (max-width: 729px) 100vw, 729px\" \/><figcaption class=\"wp-element-caption\">Maritta Hobe-Gelting<\/figcaption><\/figure>\n<\/div>\n\n\n\n<div class=\"wp-block-column is-layout-flow wp-block-column-is-layout-flow\">\n<figure class=\"wp-block-image size-full\"><img loading=\"lazy\" decoding=\"async\" width=\"725\" height=\"910\" src=\"https:\/\/www.kunstfuerangeln.de\/wp-content\/uploads\/2025\/04\/MARITTA-HOBE-GELTING-2.jpg\" alt=\"\" class=\"wp-image-8461\" srcset=\"https:\/\/www.kunstfuerangeln.de\/wp-content\/uploads\/2025\/04\/MARITTA-HOBE-GELTING-2.jpg 725w, https:\/\/www.kunstfuerangeln.de\/wp-content\/uploads\/2025\/04\/MARITTA-HOBE-GELTING-2-239x300.jpg 239w\" sizes=\"auto, (max-width: 725px) 100vw, 725px\" \/><figcaption class=\"wp-element-caption\">Maritta Hobe-Gelting<\/figcaption><\/figure>\n<\/div>\n<\/div>\n\n<p><strong>Gert Hein de Visser: <\/strong>&#8220;Det st\u00e6rkeste forhold, jeg har til hollandske og flamske malere, stammer fra min barndom, da jeg voksede op i malernes kvarter. Vermeer, van Gogh, Potter, Steen og Rubens var allestedsn\u00e6rv\u00e6rende. Jeg voksede op i en gade, der bar navnet &#8220;Josef Israels&#8221; &#8230; en relativt ukendt mester. Selv om Vermeers malerier inspirerede mig, og van Goghs liv fascinerede mig, var mine idoler under mine kunststudier Dix, Klimt og Schiele. Mine inspirationer har aldrig v\u00e6ret pr\u00e6get af lys, men har altid v\u00e6ret af social karakter eller udsprunget af min f\u00f8lelsesm\u00e6ssige verden. Mine &#8220;landskaber&#8221; er malet i form af kartografiske strukturer. Hvis der er en forbindelse mellem mig og en hollandsk kunstner fra fortiden, s\u00e5 er det Piet Mondriaan, da vi kommer fra den samme by (Amersfoort).&#8221;<\/p>\n\n<div class=\"wp-block-columns is-layout-flex wp-container-core-columns-is-layout-9d6595d7 wp-block-columns-is-layout-flex\">\n<div class=\"wp-block-column is-layout-flow wp-block-column-is-layout-flow\">\n<figure class=\"wp-block-image size-full\"><img loading=\"lazy\" decoding=\"async\" width=\"810\" height=\"695\" src=\"https:\/\/www.kunstfuerangeln.de\/wp-content\/uploads\/2025\/04\/GERT-HEIN-DE-VISSER-1.jpg\" alt=\"\" class=\"wp-image-8463\" srcset=\"https:\/\/www.kunstfuerangeln.de\/wp-content\/uploads\/2025\/04\/GERT-HEIN-DE-VISSER-1.jpg 810w, https:\/\/www.kunstfuerangeln.de\/wp-content\/uploads\/2025\/04\/GERT-HEIN-DE-VISSER-1-300x257.jpg 300w, https:\/\/www.kunstfuerangeln.de\/wp-content\/uploads\/2025\/04\/GERT-HEIN-DE-VISSER-1-768x659.jpg 768w\" sizes=\"auto, (max-width: 810px) 100vw, 810px\" \/><figcaption class=\"wp-element-caption\">Gert Hein de Visser<\/figcaption><\/figure>\n<\/div>\n\n\n\n<div class=\"wp-block-column is-layout-flow wp-block-column-is-layout-flow\">\n<figure class=\"wp-block-image size-full\"><img loading=\"lazy\" decoding=\"async\" width=\"810\" height=\"812\" src=\"https:\/\/www.kunstfuerangeln.de\/wp-content\/uploads\/2025\/04\/GERT-HEIN-DE-VISSER-2.jpg\" alt=\"\" class=\"wp-image-8465\" srcset=\"https:\/\/www.kunstfuerangeln.de\/wp-content\/uploads\/2025\/04\/GERT-HEIN-DE-VISSER-2.jpg 810w, https:\/\/www.kunstfuerangeln.de\/wp-content\/uploads\/2025\/04\/GERT-HEIN-DE-VISSER-2-300x300.jpg 300w, https:\/\/www.kunstfuerangeln.de\/wp-content\/uploads\/2025\/04\/GERT-HEIN-DE-VISSER-2-150x150.jpg 150w, https:\/\/www.kunstfuerangeln.de\/wp-content\/uploads\/2025\/04\/GERT-HEIN-DE-VISSER-2-768x770.jpg 768w\" sizes=\"auto, (max-width: 810px) 100vw, 810px\" \/><figcaption class=\"wp-element-caption\">Gert Hein de Visser<\/figcaption><\/figure>\n<\/div>\n<\/div>\n\n<hr class=\"wp-block-separator has-alpha-channel-opacity\"\/>\n\n<p><strong>I hvor h\u00f8j grad er kunstnere inspireret og pr\u00e6get af lyset og landskaberne i det nordlige Slesvig-Holsten?<br \/>Hvordan p\u00e5virker lyset og landskabet i nord hendes kunstneriske arbejde i dag?<\/strong><\/p>\n\n<p>Udstillingen &#8220;DUTCH VIEWS &amp; LIGHT and LANDSCAPE &#8211; LIGHT AND LANDSCAPE OF THE NORTH IN ART&#8221; viste &#8211; ud over de to hollandske kunstneres v\u00e6rker &#8211; resultaterne af et f\u00e6lles kreativt projekt om emnet med nye v\u00e6rker af slesvig-holstenske og danske kunstnere i samarbejde med kunstnere fra Roosen-Trinks Samlingen og S\u00f8nderborg Kunstskole.<\/p>\n\n<p><strong>Kurateret af Thomas Lunau og Ingrid Roosen-Trinks<\/strong><\/p>\n\n<hr class=\"wp-block-separator has-alpha-channel-opacity\"\/>\n\n<p style=\"font-size:24px\"><strong>INFO OM KUNSTNEREN:<\/strong><\/p>\n\n<p><strong>Maritta Hobe-Gelting<\/strong>, f\u00f8dt 1947 i Holland og voksede op i kunstnerbyen Bergen, NL.<br \/>1967 -1972 Studerede p\u00e5 T.U. Delft.<br \/>1972 -1975 Maleri \/ Mentor Dirk Vis, maler og direkt\u00f8r for Gerrit Rietveld Art Academy i Amsterdam.<\/p>\n\n<p>1976 &#8211; 1978 N\u00f8genmaleri hos professor Krieger p\u00e5 kunstakademiet i M\u00fcnchen.  <br \/>Bor og arbejder i Gelting \/ Angeln<\/p>\n\n<p><strong>Gert Hein de Visser<\/strong>, f\u00f8dt 1964 i Holland, billedkunstner fra Amersfoort, NL.<br \/>Studerede p\u00e5 Gerrit Rietveld Art Academy i Amsterdam.<br \/>I sin kunst besk\u00e6ftiger han sig konceptuelt med nutidige temaer. Han boede blandt andet i Berlin, Calcutta og Portugal.<\/p>\n\n<p>Han har boet og arbejdet i Schnarup-Thumby \/ Angeln siden 2017.&#8221;<\/p>\n\n\n","protected":false},"excerpt":{"rendered":"<p>DUTCH VIEWS &amp; LIGHT AND LANDSCAPE &#8211; LYS OG LANDSKAB I NORDENS KUNST Vores for\u00e5rsudstilling 2025 &#8221; Lys og Landskab &#8221; var dedikeret til den indflydelse, som lys og landskabsformationer i det nordlige Slesvig-Holsten og Danmark har p\u00e5 regionens kunstnere. Det bestod af to omr\u00e5der: Del I &#8211; Samarbejde mellem skabende kunstnere fra Danmark og [&hellip;]<\/p>\n","protected":false},"author":7,"featured_media":0,"parent":0,"menu_order":0,"comment_status":"closed","ping_status":"closed","template":"","meta":{"_acf_changed":false,"footnotes":""},"class_list":["post-10617","page","type-page","status-publish","hentry"],"acf":[],"_links":{"self":[{"href":"https:\/\/www.kunstfuerangeln.de\/da\/wp-json\/wp\/v2\/pages\/10617","targetHints":{"allow":["GET"]}}],"collection":[{"href":"https:\/\/www.kunstfuerangeln.de\/da\/wp-json\/wp\/v2\/pages"}],"about":[{"href":"https:\/\/www.kunstfuerangeln.de\/da\/wp-json\/wp\/v2\/types\/page"}],"author":[{"embeddable":true,"href":"https:\/\/www.kunstfuerangeln.de\/da\/wp-json\/wp\/v2\/users\/7"}],"replies":[{"embeddable":true,"href":"https:\/\/www.kunstfuerangeln.de\/da\/wp-json\/wp\/v2\/comments?post=10617"}],"version-history":[{"count":2,"href":"https:\/\/www.kunstfuerangeln.de\/da\/wp-json\/wp\/v2\/pages\/10617\/revisions"}],"predecessor-version":[{"id":10675,"href":"https:\/\/www.kunstfuerangeln.de\/da\/wp-json\/wp\/v2\/pages\/10617\/revisions\/10675"}],"wp:attachment":[{"href":"https:\/\/www.kunstfuerangeln.de\/da\/wp-json\/wp\/v2\/media?parent=10617"}],"curies":[{"name":"wp","href":"https:\/\/api.w.org\/{rel}","templated":true}]}}

<h1 class="wp-block-heading">DUTCH VIEWS &amp; LIGHT AND LANDSCAPE &#8211; LYS OG LANDSKAB I NORDENS KUNST</h1>



<p class="has-medium-font-size">Vores forårsudstilling 2025 &#8221; <strong><a href="https://www.kunstfuerangeln.de/da/lys-landskab-i-nord">Lys og Landskab</a> </strong>&#8221; var dedikeret til den indflydelse, som lys og landskabsformationer i det nordlige Slesvig-Holsten og Danmark har på regionens kunstnere. Det bestod af to områder: Del I &#8211; Samarbejde mellem skabende kunstnere fra Danmark og Slesvig-Holsten. Del II &#8211; <strong>DUTCH VIEWS &amp; LIGHT AND LANDSCAPE</strong>: For første gang var en kunstner fra Holland inviteret.</p>

<p>Som en del af udstillingsafsnittet <strong>&#8220;Dutch Views&#8221; </strong>viste Kunst für Angeln e.V. kunstværker af Maritta Hobe-Gelting og Gert Hein de Visser &#8211; begge fra Kongeriget Nederlandene. Værker af de to har aldrig været udstillet sammen før.</p>

<p><strong>Maritta Hobe-Gelting og Gert Hein de Visser &#8211; </strong>2 hollandske kunstnere i Angeln, hvis kunst ikke kunne være mere forskellig. Den ene var inspireret af lyset og naturen i det nordlige Slesvig-Holsten &#8211; og hendes barndom var præget af de gamle mestermalerier fra hendes hjemland Holland. Den anden er altid inspireret af sociale strukturer og hans følelsesmæssige verden. Hans &#8220;landskaber&#8221; er malet i form af kartografiske strukturer, og man kan se, at kunstneren bruger enormt meget tid og omhyggelighed på dem.</p>

<p>Med udstillingen <strong>&#8220;DUTCH VIEWS &amp; LIGHT and LANDSCAPE &#8211; LIGHT AND LANDSCAPE OF THE NORTH IN ART&#8221; </strong>fejrede foreningen KUNST FÜR ANGELN e.V. i 2025 den 1000 år gamle forbindelse mellem Holland og SCHLESWIG-HOLSTEIN på en kunstnerisk måde.</p>

<p>Med værker af en hollandsk kunstner og en hollandsk kunstner, som begge &#8211; uafhængigt af hinanden &#8211; blev påvirket af Gerrit Rietveld Art Academy i Amsterdam, den ene gennem studier, den anden gennem mentorordninger, og som begge nu er bosat i Angeln. Den ene i Gelting, den anden i Schnarup-Thumby,</p>

<p><strong>Vi undersøgte spørgsmålet: &#8220;Er disse to hollandske kunstnere inspireret af lyset og naturen i deres hjemland? Påvirket af de berømte landskabsmalerier og portrætter af de gamle hollandske mestre som Rembrandt, Vermeer, Rubens, Van Gogh, van Ruysdael, Frans Hals &#8211; for blot at nævne nogle få?  </strong>For den ene kunne spørgsmålet besvares med et &#8220;ja, til dels&#8221;, for den anden med et klart &#8220;nej&#8221;. Og det resulterede i en interessant spændingsbue, da de tos værker blev stillet op over for hinanden i vores udstilling og bragt i dialog.</p>

<p>Betegnelsen &#8220;hollandske mestre&#8221; blev engang valgt for at understrege de hollandske maleres enestående talent. Navnet understreger deres mesterlige perfektion og deres ubestridte indflydelse på kunsthistorien.</p>

<p>Den hollandske kvinde Maritta Hobe-Gelting er kendetegnet ved dette &#8211; og Gert Hein de Visser er det slet ikke &#8211; begge gik deres egne kunstneriske veje efter endt uddannelse.</p>

<p><strong>Ingrid Roosen-Trinks, formand for foreningen KUNST FÜR ANGELN e.V:</strong></p>

<p>&#8220;Maritta Hobe-Geltings og Gert Hein de Vissers værker er ikke kun kontrastfyldte og en opdagelse, men det er også en stor ære at kunne udstille deres kunstværker offentligt her på Wittkielhof for første gang. Foreningen Kunst für Angeln e.V. skaber ikke kun adgang til kunst for alle, der bor, arbejder og går i skole i Angeln, men fremmer også kunstnere fra regionen. Det bliver spændende for alle besøgende at opdage den hollandske indflydelse i Maritta Hobe-Geltings malerier og tegninger og at sammenligne dem med Gert Hein de Vissers værker og kunstværker fra samtidskunstsamlingen Roosen-Trinks, som er i dialog med dem. Vi ønsker at belyse begge kunstneres værker som historiske begivenheder og fremhæve kontrasterne.&#8221;</p>

<hr class="wp-block-separator has-alpha-channel-opacity"/>

<p><strong>Maritta Hobe-Gelting: </strong>&#8220;Som barn og ung var jeg meget optaget af at male og malede meget. Efter at have studeret rumfart i Holland studerede jeg maleri i München. Ud over en meget succesfuld karriere inden for luftfart og erhvervsliv var min far en talentfuld maler og opmuntrede mig i mine studier.</p>

<p>Jeg har et atelier her på Gelting Slot &#8211; men jeg har ikke haft meget tid til at male i de senere år. Jeg havde aldrig troet, at jeg ville intensivere mit maleri igen og også udstille det. Men gennem min kontakt med bl.a. foreningen KUNST FÜR ANGELN følte jeg mig inspireret til at arbejde mere malerisk igen. Da jeg blev spurgt, om jeg kunne forestille mig at levere kunstværker til en udstilling, og samtidig fik en anden henvendelse om en udstilling, blev jeg motiveret til at komme i gang igen!&#8221;</p>

<div class="wp-block-columns is-layout-flex wp-container-core-columns-is-layout-9d6595d7 wp-block-columns-is-layout-flex">
<div class="wp-block-column is-layout-flow wp-block-column-is-layout-flow">
<figure class="wp-block-image size-full"><img loading="lazy" decoding="async" width="729" height="517" src="https://www.kunstfuerangeln.de/wp-content/uploads/2025/04/MARITTA-HOBE-GELTING-1.jpg" alt="" class="wp-image-8459" srcset="https://www.kunstfuerangeln.de/wp-content/uploads/2025/04/MARITTA-HOBE-GELTING-1.jpg 729w, https://www.kunstfuerangeln.de/wp-content/uploads/2025/04/MARITTA-HOBE-GELTING-1-300x213.jpg 300w" sizes="auto, (max-width: 729px) 100vw, 729px" /><figcaption class="wp-element-caption">Maritta Hobe-Gelting</figcaption></figure>
</div>



<div class="wp-block-column is-layout-flow wp-block-column-is-layout-flow">
<figure class="wp-block-image size-full"><img loading="lazy" decoding="async" width="725" height="910" src="https://www.kunstfuerangeln.de/wp-content/uploads/2025/04/MARITTA-HOBE-GELTING-2.jpg" alt="" class="wp-image-8461" srcset="https://www.kunstfuerangeln.de/wp-content/uploads/2025/04/MARITTA-HOBE-GELTING-2.jpg 725w, https://www.kunstfuerangeln.de/wp-content/uploads/2025/04/MARITTA-HOBE-GELTING-2-239x300.jpg 239w" sizes="auto, (max-width: 725px) 100vw, 725px" /><figcaption class="wp-element-caption">Maritta Hobe-Gelting</figcaption></figure>
</div>
</div>

<p><strong>Gert Hein de Visser: </strong>&#8220;Det stærkeste forhold, jeg har til hollandske og flamske malere, stammer fra min barndom, da jeg voksede op i malernes kvarter. Vermeer, van Gogh, Potter, Steen og Rubens var allestedsnærværende. Jeg voksede op i en gade, der bar navnet &#8220;Josef Israels&#8221; &#8230; en relativt ukendt mester. Selv om Vermeers malerier inspirerede mig, og van Goghs liv fascinerede mig, var mine idoler under mine kunststudier Dix, Klimt og Schiele. Mine inspirationer har aldrig været præget af lys, men har altid været af social karakter eller udsprunget af min følelsesmæssige verden. Mine &#8220;landskaber&#8221; er malet i form af kartografiske strukturer. Hvis der er en forbindelse mellem mig og en hollandsk kunstner fra fortiden, så er det Piet Mondriaan, da vi kommer fra den samme by (Amersfoort).&#8221;</p>

<div class="wp-block-columns is-layout-flex wp-container-core-columns-is-layout-9d6595d7 wp-block-columns-is-layout-flex">
<div class="wp-block-column is-layout-flow wp-block-column-is-layout-flow">
<figure class="wp-block-image size-full"><img loading="lazy" decoding="async" width="810" height="695" src="https://www.kunstfuerangeln.de/wp-content/uploads/2025/04/GERT-HEIN-DE-VISSER-1.jpg" alt="" class="wp-image-8463" srcset="https://www.kunstfuerangeln.de/wp-content/uploads/2025/04/GERT-HEIN-DE-VISSER-1.jpg 810w, https://www.kunstfuerangeln.de/wp-content/uploads/2025/04/GERT-HEIN-DE-VISSER-1-300x257.jpg 300w, https://www.kunstfuerangeln.de/wp-content/uploads/2025/04/GERT-HEIN-DE-VISSER-1-768x659.jpg 768w" sizes="auto, (max-width: 810px) 100vw, 810px" /><figcaption class="wp-element-caption">Gert Hein de Visser</figcaption></figure>
</div>



<div class="wp-block-column is-layout-flow wp-block-column-is-layout-flow">
<figure class="wp-block-image size-full"><img loading="lazy" decoding="async" width="810" height="812" src="https://www.kunstfuerangeln.de/wp-content/uploads/2025/04/GERT-HEIN-DE-VISSER-2.jpg" alt="" class="wp-image-8465" srcset="https://www.kunstfuerangeln.de/wp-content/uploads/2025/04/GERT-HEIN-DE-VISSER-2.jpg 810w, https://www.kunstfuerangeln.de/wp-content/uploads/2025/04/GERT-HEIN-DE-VISSER-2-300x300.jpg 300w, https://www.kunstfuerangeln.de/wp-content/uploads/2025/04/GERT-HEIN-DE-VISSER-2-150x150.jpg 150w, https://www.kunstfuerangeln.de/wp-content/uploads/2025/04/GERT-HEIN-DE-VISSER-2-768x770.jpg 768w" sizes="auto, (max-width: 810px) 100vw, 810px" /><figcaption class="wp-element-caption">Gert Hein de Visser</figcaption></figure>
</div>
</div>

<hr class="wp-block-separator has-alpha-channel-opacity"/>

<p><strong>I hvor høj grad er kunstnere inspireret og præget af lyset og landskaberne i det nordlige Slesvig-Holsten?<br />Hvordan påvirker lyset og landskabet i nord hendes kunstneriske arbejde i dag?</strong></p>

<p>Udstillingen &#8220;DUTCH VIEWS &amp; LIGHT and LANDSCAPE &#8211; LIGHT AND LANDSCAPE OF THE NORTH IN ART&#8221; viste &#8211; ud over de to hollandske kunstneres værker &#8211; resultaterne af et fælles kreativt projekt om emnet med nye værker af slesvig-holstenske og danske kunstnere i samarbejde med kunstnere fra Roosen-Trinks Samlingen og Sønderborg Kunstskole.</p>

<p><strong>Kurateret af Thomas Lunau og Ingrid Roosen-Trinks</strong></p>

<hr class="wp-block-separator has-alpha-channel-opacity"/>

<p style="font-size:24px"><strong>INFO OM KUNSTNEREN:</strong></p>

<p><strong>Maritta Hobe-Gelting</strong>, født 1947 i Holland og voksede op i kunstnerbyen Bergen, NL.<br />1967 -1972 Studerede på T.U. Delft.<br />1972 -1975 Maleri / Mentor Dirk Vis, maler og direktør for Gerrit Rietveld Art Academy i Amsterdam.</p>

<p>1976 &#8211; 1978 Nøgenmaleri hos professor Krieger på kunstakademiet i München.  <br />Bor og arbejder i Gelting / Angeln</p>

<p><strong>Gert Hein de Visser</strong>, født 1964 i Holland, billedkunstner fra Amersfoort, NL.<br />Studerede på Gerrit Rietveld Art Academy i Amsterdam.<br />I sin kunst beskæftiger han sig konceptuelt med nutidige temaer. Han boede blandt andet i Berlin, Calcutta og Portugal.</p>

<p>Han har boet og arbejdet i Schnarup-Thumby / Angeln siden 2017.&#8221;</p>

<p>DUTCH VIEWS &amp; LIGHT AND LANDSCAPE &#8211; LYS OG LANDSKAB I NORDENS KUNST Vores forårsudstilling 2025 &#8221; Lys og Landskab &#8221; var dedikeret til den indflydelse, som lys og landskabsformationer i det nordlige Slesvig-Holsten og Danmark har på regionens kunstnere. Det bestod af to områder: Del I &#8211; Samarbejde mellem skabende kunstnere fra Danmark og [&hellip;]</p>
