{"id":10720,"date":"2024-01-08T19:37:03","date_gmt":"2024-01-08T18:37:03","guid":{"rendered":"https:\/\/www.kunstfuerangeln.de\/kunst-til-fiskeri-anbefales"},"modified":"2026-03-14T11:42:51","modified_gmt":"2026-03-14T10:42:51","slug":"kunst-til-fiskeri-anbefales","status":"publish","type":"page","link":"https:\/\/www.kunstfuerangeln.de\/da\/kunst-til-fiskeri-anbefales","title":{"rendered":"KUNST TIL FISKERI ANBEFALES"},"content":{"rendered":"\n<h1 class=\"wp-block-heading\">KUNST TIL FISKERI ANBEFALES<\/h1>\n\n<div class=\"wp-block-columns is-layout-flex wp-container-core-columns-is-layout-9d6595d7 wp-block-columns-is-layout-flex\">\n<div class=\"wp-block-column is-layout-flow wp-block-column-is-layout-flow\">\n<h2 class=\"wp-block-heading has-text-color has-link-color wp-elements-e4036580d1e490bc30229ee91b1eeafc\" style=\"color:#e62321\"><strong>Kunstsilo i Kristiansand<\/strong><strong> <\/strong><\/h2>\n\n\n\n<p class=\"has-medium-font-size\"><strong>Interessant artikel om et projekt i Norge<\/strong><\/p>\n\n\n\n<h2 class=\"wp-block-heading\">Noget nyt i nord<\/h2>\n\n\n\n<p><strong>I Kristiansand i Norge er en af de mest spektakul\u00e6re museumsbygninger i Skandinavien \u00e5bnet: Kunstsiloen. I en tidligere kornsilo sp\u00f8rger den f\u00f8rste udstilling, hvad der er nordisk i modernismen &#8211; men har endnu ikke fundet et svar. <\/strong><\/p>\n\n\n\n<p>N\u00e5r de kommer ind, laver alle bes\u00f8gende den samme &#8211; ortop\u00e6disk set ikke helt sunde &#8211; bev\u00e6gelse.  <\/p>\n\n\n\n\n\n\n\n<div class=\"wp-block-buttons is-layout-flex wp-block-buttons-is-layout-flex\">\n<div class=\"wp-block-button is-style-outline is-style-outline--1\"><a class=\"wp-block-button__link wp-element-button\" href=\"https:\/\/www.monopol-magazin.de\/kunstsilo-kristiansand\" target=\"_blank\" rel=\"noreferrer noopener\">L\u00e6s mere om det<\/a><\/div>\n<\/div>\n<\/div>\n\n\n\n<div class=\"wp-block-column is-layout-flow wp-block-column-is-layout-flow\">\n<h2 class=\"wp-block-heading has-text-color has-link-color wp-elements-780a302153c85b7851d93439197b098c\" style=\"color:#e62321\"><strong><\/strong><strong>CASPAR DAVID FRIEDRICH<\/strong><\/h2>\n\n\n\n<p class=\"has-medium-font-size\"><strong>Forskellige udstillingssteder<\/strong><\/p>\n\n\n\n<h2 class=\"wp-block-heading\">2024 er et \u00e5r med romantik<\/h2>\n\n\n\n<p>I anledning af Caspar David Friedrichs 250-\u00e5rs f\u00f8dselsdag er der flere store udstillinger, som hylder Tysklands mest ber\u00f8mte maler&#8230; <\/p>\n\n\n\n<div class=\"wp-block-buttons is-layout-flex wp-block-buttons-is-layout-flex\">\n<div class=\"wp-block-button is-style-outline is-style-outline--2\"><a class=\"wp-block-button__link wp-element-button\" href=\"https:\/\/www.kunstfuerangeln.de\/da\/kunst-til-fiskeri-anbefales#emp-cdf\">L\u00e6s mere om det<\/a><\/div>\n<\/div>\n<\/div>\n<\/div>\n\n<div class=\"wp-block-columns is-layout-flex wp-container-core-columns-is-layout-9d6595d7 wp-block-columns-is-layout-flex\">\n<div class=\"wp-block-column is-layout-flow wp-block-column-is-layout-flow\">\n<h2 class=\"wp-block-heading has-text-color has-link-color wp-elements-ba2bda59e17ce01ccec7a71cbd860b4c\" style=\"color:#e62321\"><strong><\/strong><strong>olafur ELIASSON<\/strong><\/h2>\n\n\n\n<p class=\"has-medium-font-size\"><strong>Er den seneste g\u00e6stekurator for WeTransfers kreative portal WePresent<\/strong><\/p>\n\n\n\n<p>WeTransfer annoncerer Olafur Eliasson som sin nye \u00e5rlige g\u00e6stekurator.<br \/>Kunstneren Olafur Eliasson bliver den seneste g\u00e6stekurator for WeTransfers kreative portal WePresent.<\/p>\n\n\n\n<p>WeTransfer, den foretrukne filoverf\u00f8rselstjeneste, har netop tilf\u00f8jet endnu en kreativ streng til sin bue med annonceringen af 2024&#8217;s \u00e5rlige g\u00e6stekurator, den islandsk-danske kunstner Olafur Eliasson.<\/p>\n\n\n\n<p>Partnerskabet med en kunstner, der er kendt for sit fokus p\u00e5 milj\u00f8sp\u00f8rgsm\u00e5l, fremh\u00e6ver ogs\u00e5 WeTransfers nyligt forh\u00f8jede B Corp-score, en rating, der klassificerer virksomheder, som opfylder &#8220;h\u00f8je standarder for verificeret performance, ansvarlighed og gennemsigtighed&#8221;. Eliasson vil bruge WePresent-kunstplatformen til at fremvise v\u00e6rker af kunstnere, der er dedikeret til at fremh\u00e6ve klimakrisen. <\/p>\n\n\n\n<p>Tilbage i april udgav Eliasson p\u00e5 WePresent &#8220;10 rules for celebrating food&#8221;, som er en del af sitets igangv\u00e6rende A Manifesto By-serie. Som sitets seneste g\u00e6stekurator slutter Eliasson sig til en liste, der omfatter kunstneren Marina Abramovic, musikeren Solange Knowles og skuespilleren og kunstsamleren Russell Tovey.<br \/>Eliasson vil give en r\u00e6kke nye stemmer plads p\u00e5 WePresent-platformen og ikke kun tage fat p\u00e5 klimakrisen, men &#8220;tilst\u00f8dende emner, som han anser for at v\u00e6re dybt forbundne&#8221;. Det g\u00e6lder bl.a. det lidet omtalte sp\u00f8rgsm\u00e5l om klimaretf\u00e6rdighed samt systemisk racisme og k\u00f8nspolitik.  <\/p>\n\n\n\n\n<\/div>\n\n\n\n<div class=\"wp-block-column is-layout-flow wp-block-column-is-layout-flow\">\n<div style=\"height:81px\" aria-hidden=\"true\" class=\"wp-block-spacer\"><\/div>\n\n\n\n<p>&#8220;Jeg er taknemmelig for, at WeTransfer har inviteret mig til at v\u00e6re g\u00e6stekurator i \u00e5r,&#8221; siger Eliasson. &#8220;WePresent er et levende rum, der b\u00e5de er personligt og gr\u00e6nsel\u00f8st &#8211; noget, jeg finder s\u00e6rligt v\u00e6rdifuldt i 2024. Sammen h\u00e5ber vi at kunne forst\u00e6rke de stemmer, der tager fat p\u00e5 de presserende sp\u00f8rgsm\u00e5l i vores tid. <\/p>\n\n\n\n<p>Som Eliasson bem\u00e6rker i sit indledende l\u00e6serbrev: &#8220;Kunstnere, musikere, forfattere, dansere, performere &#8211; de giver alle form til kompleksiteten i vores nuv\u00e6rende \u00f8jeblik og kan tale direkte til os som individer. De bekr\u00e6ftede samarbejder omfatter art director Sarah Masete, kunstner Hadeer Omar og forfatter og teoretiker Neema Githere, &#8220;som alle adresserer kompleksitet og er v\u00e6rter for diskussioner, som jeg finder dybt inspirerende&#8221;, if\u00f8lge Eliasson. &#8220;Jeg er meget glad for at arbejde som g\u00e6stekurator med WeTransfer for yderligere at forst\u00e6rke deres vigtige stemmer, udl\u00f8se vigtige diskussioner og inspirere andre.<br \/>WePresent har et m\u00e5nedligt publikum p\u00e5 omkring 3 millioner mennesker i 190 lande, mens selve filoverf\u00f8rselsplatformen har en brugerbase p\u00e5 over 80 millioner mennesker. &#8220;Vi er forpligtet til at forst\u00e6rke stemmerne fra kunstnere, der bruger deres platforme til at g\u00f8re godt, og Olafur Eliasson er eksemplarisk&#8221;, siger Holly Fraser, VP of Content hos WeTransfer. &#8220;Han har l\u00e6nge v\u00e6ret en fork\u00e6mper for b\u00e6redygtighed, klimaaktivisme og behovet for kollektiv forandring.  <\/p>\n\n\n\n<p><a href=\"https:\/\/olafureliasson.net\/\" target=\"_blank\" rel=\"noreferrer noopener\">OlafurEliasson.net <\/a><br \/><a href=\"https:\/\/www.instagram.com\/studioolafureliasson\/\" target=\"_blank\" rel=\"noreferrer noopener\">@StudioOlafurEliasson<\/a><br \/><a href=\"https:\/\/wetransfer.com\/\" target=\"_blank\" rel=\"noreferrer noopener\">WeTransfer.com<\/a><br \/><a href=\"https:\/\/www.instagram.com\/wetransfer\/\" target=\"_blank\" rel=\"noreferrer noopener\">@WeTransfer<\/a><br \/><a href=\"https:\/\/wepresent.wetransfer.com\/\" target=\"_blank\" rel=\"noreferrer noopener\">WePresentWeTransfer.com<\/a><br \/><a href=\"https:\/\/www.instagram.com\/wepresent\/\" target=\"_blank\" rel=\"noreferrer noopener\">@WePresent<\/a><br \/><a href=\"https:\/\/www.wallpaper.com\/\" target=\"_blank\" rel=\"noreferrer noopener\">www.wallpaper.com<\/a><\/p>\n<\/div>\n<\/div>\n\n<hr class=\"wp-block-separator has-alpha-channel-opacity\"\/>\n\n<p class=\"has-text-color has-link-color has-large-font-size wp-elements-c95e1a8d8d5ff58c61dccb09cdd01790\" id=\"emp-cdf\" style=\"color:#e62321\"><strong>I 2024\/25 ANBEFALER VI EN CASPAR DAVID FRIEDRICH-TUR!<\/strong><\/p>\n\n<p class=\"has-medium-font-size\"><em>\u00c5R 2024 er et \u00e5r i ROMANENS tegn.<\/em><\/p>\n\n<p class=\"has-medium-font-size\">I anledning af Caspar David Friedrichs 250-\u00e5rs f\u00f8dselsdag er der flere store udstillinger, som hylder Tysklands mest ber\u00f8mte maler, hvis kunst i \u00e5rtier blev afvist som kitsch. I \u00e5r bliver han fejret p\u00e5 omfattende og passende vis. Et overblik over udstillingerne:   <\/p>\n\n<figure class=\"wp-block-image size-large\"><img loading=\"lazy\" decoding=\"async\" width=\"1024\" height=\"730\" src=\"https:\/\/www.kunstfuerangeln.de\/wp-content\/uploads\/2024\/01\/Caspar_David_Friedrich-1024x730.jpg\" alt=\"\" class=\"wp-image-5945\" srcset=\"https:\/\/www.kunstfuerangeln.de\/wp-content\/uploads\/2024\/01\/Caspar_David_Friedrich-1024x730.jpg 1024w, https:\/\/www.kunstfuerangeln.de\/wp-content\/uploads\/2024\/01\/Caspar_David_Friedrich-300x214.jpg 300w, https:\/\/www.kunstfuerangeln.de\/wp-content\/uploads\/2024\/01\/Caspar_David_Friedrich-768x547.jpg 768w, https:\/\/www.kunstfuerangeln.de\/wp-content\/uploads\/2024\/01\/Caspar_David_Friedrich-1536x1094.jpg 1536w, https:\/\/www.kunstfuerangeln.de\/wp-content\/uploads\/2024\/01\/Caspar_David_Friedrich.jpg 1600w\" sizes=\"auto, (max-width: 1024px) 100vw, 1024px\" \/><figcaption class=\"wp-element-caption\">Caspar David Friedrich, The Giant Mountains, 1830, olie p\u00e5 l\u00e6rred.<br \/><em>Alte Nationalgalerie, Berlin<\/em><\/figcaption><\/figure>\n\n<p>I Caspar David Friedrichs f\u00f8deby GREIFSWALD, det <a href=\"https:\/\/www.pommersches-landesmuseum.de\/ausstellungen\/caspar-david-friedrich-2024\" target=\"_blank\" rel=\"noreferrer noopener\">pommerske statsmuseum<\/a>: fra 28. april til 4. august 2024 vises udstillingen &#8220;Caspar David Friedrich. Livslinjer&#8221;. Derefter &#8220;Caspar David Friedrich. Places of Longing&#8221; fra 18.08. &#8211; 06.10.2024 og fra 16. oktober udstillingen &#8220;Caspar David Friedrich. Hometown&#8221; l\u00f8ber frem til 05.01.2025!   <\/p>\n\n<p>Af sted til BERLIN! Fra 19.04.24 &#8211; 04.08.24 viste <a href=\"https:\/\/www.smb.museum\/museen-einrichtungen\/alte-nationalgalerie\/home\/\" target=\"_blank\" rel=\"noreferrer noopener\">Alte Nationalgalerie<\/a> udstillingen &#8220;Caspar David Friedrich &#8211; Infinite Landscapes&#8221;.   <br \/><br \/>DRESDEN var centrum for maleren Caspar David Friedrichs (1774-1840) liv i over 40 \u00e5r. <a href=\"https:\/\/albertinum.skd.museum\/ausstellungen\/caspar-david-friedrich-wo-alles-begann\/\" target=\"_blank\" rel=\"noreferrer noopener\">Albertinum<\/a> (24. august 2024-05. januar 2025) og Kupferstich-Kabinett (24. august &#8211; 17. november 2024) viser og udstiller den store s\u00e6rudstilling &#8220;Dresden &#8211; hvor det hele begyndte&#8221; for at markere 250-\u00e5ret for Caspar David Friedrichs f\u00f8dsel! <\/p>\n\n<p>&#8230; og i slutningen af \u00e5ret: Af sted til Weimar! Fra den 22. november vil Schillermuseet kaste lys over kapitlet om C.D. Friedrich og Goethe. <a href=\"https:\/\/www.klassik-stiftung.de\/ihr-besuch\/ausstellung\/caspar-david-friedrich\/\" target=\"_blank\" rel=\"noreferrer noopener\">Klassik Stiftung Weimars<\/a> s\u00e6rudstilling &#8220;Caspar David Friedrich, Goethe og romantikken i Weimar&#8221; kan ses frem til 2. marts 2025.   <\/p>\n\n<p>I 2025 lancerer Metropolitan Museum of Art i NEW YORK den f\u00f8rste store CDF-soloudstilling med titlen &#8220;Caspar David Friedrich &#8211; the soul of Nature&#8221;.<\/p>\n\n<p><strong>BOGTIP:<\/strong> Alle, der planl\u00e6gger at bes\u00f8ge en af Friedrichs udstillinger, anbefales at l\u00e6se den seneste bog af Florian Illies p\u00e5 forh\u00e5nd: &#8220;ZEIT DER STILLE &#8211; Caspar David Friedrichs Reisen durch die Zeiten&#8221;. Udgivet af S.Fischer. Den ideelle forberedelse til enhver CDF-udstilling!  <\/p>\n\n\n","protected":false},"excerpt":{"rendered":"<p>KUNST TIL FISKERI ANBEFALES Kunstsilo i Kristiansand Interessant artikel om et projekt i Norge Noget nyt i nord I Kristiansand i Norge er en af de mest spektakul\u00e6re museumsbygninger i Skandinavien \u00e5bnet: Kunstsiloen. I en tidligere kornsilo sp\u00f8rger den f\u00f8rste udstilling, hvad der er nordisk i modernismen &#8211; men har endnu ikke fundet et svar. [&hellip;]<\/p>\n","protected":false},"author":7,"featured_media":0,"parent":0,"menu_order":0,"comment_status":"closed","ping_status":"closed","template":"","meta":{"_acf_changed":false,"footnotes":""},"class_list":["post-10720","page","type-page","status-publish","hentry"],"acf":[],"_links":{"self":[{"href":"https:\/\/www.kunstfuerangeln.de\/da\/wp-json\/wp\/v2\/pages\/10720","targetHints":{"allow":["GET"]}}],"collection":[{"href":"https:\/\/www.kunstfuerangeln.de\/da\/wp-json\/wp\/v2\/pages"}],"about":[{"href":"https:\/\/www.kunstfuerangeln.de\/da\/wp-json\/wp\/v2\/types\/page"}],"author":[{"embeddable":true,"href":"https:\/\/www.kunstfuerangeln.de\/da\/wp-json\/wp\/v2\/users\/7"}],"replies":[{"embeddable":true,"href":"https:\/\/www.kunstfuerangeln.de\/da\/wp-json\/wp\/v2\/comments?post=10720"}],"version-history":[{"count":1,"href":"https:\/\/www.kunstfuerangeln.de\/da\/wp-json\/wp\/v2\/pages\/10720\/revisions"}],"predecessor-version":[{"id":10726,"href":"https:\/\/www.kunstfuerangeln.de\/da\/wp-json\/wp\/v2\/pages\/10720\/revisions\/10726"}],"wp:attachment":[{"href":"https:\/\/www.kunstfuerangeln.de\/da\/wp-json\/wp\/v2\/media?parent=10720"}],"curies":[{"name":"wp","href":"https:\/\/api.w.org\/{rel}","templated":true}]}}

<h1 class="wp-block-heading">KUNST TIL FISKERI ANBEFALES</h1>

<div class="wp-block-columns is-layout-flex wp-container-core-columns-is-layout-9d6595d7 wp-block-columns-is-layout-flex">
<div class="wp-block-column is-layout-flow wp-block-column-is-layout-flow">
<h2 class="wp-block-heading has-text-color has-link-color wp-elements-e4036580d1e490bc30229ee91b1eeafc" style="color:#e62321"><strong>Kunstsilo i Kristiansand</strong><strong> </strong></h2>



<p class="has-medium-font-size"><strong>Interessant artikel om et projekt i Norge</strong></p>



<h2 class="wp-block-heading">Noget nyt i nord</h2>



<p><strong>I Kristiansand i Norge er en af de mest spektakulære museumsbygninger i Skandinavien åbnet: Kunstsiloen. I en tidligere kornsilo spørger den første udstilling, hvad der er nordisk i modernismen &#8211; men har endnu ikke fundet et svar. </strong></p>



<p>Når de kommer ind, laver alle besøgende den samme &#8211; ortopædisk set ikke helt sunde &#8211; bevægelse.  </p>







<div class="wp-block-buttons is-layout-flex wp-block-buttons-is-layout-flex">
<div class="wp-block-button is-style-outline is-style-outline--1"><a class="wp-block-button__link wp-element-button" href="https://www.monopol-magazin.de/kunstsilo-kristiansand" target="_blank" rel="noreferrer noopener">Læs mere om det</a></div>
</div>
</div>



<div class="wp-block-column is-layout-flow wp-block-column-is-layout-flow">
<h2 class="wp-block-heading has-text-color has-link-color wp-elements-780a302153c85b7851d93439197b098c" style="color:#e62321"><strong></strong><strong>CASPAR DAVID FRIEDRICH</strong></h2>



<p class="has-medium-font-size"><strong>Forskellige udstillingssteder</strong></p>



<h2 class="wp-block-heading">2024 er et år med romantik</h2>



<p>I anledning af Caspar David Friedrichs 250-års fødselsdag er der flere store udstillinger, som hylder Tysklands mest berømte maler&#8230; </p>



<div class="wp-block-buttons is-layout-flex wp-block-buttons-is-layout-flex">
<div class="wp-block-button is-style-outline is-style-outline--2"><a class="wp-block-button__link wp-element-button" href="https://www.kunstfuerangeln.de/da/kunst-til-fiskeri-anbefales#emp-cdf">Læs mere om det</a></div>
</div>
</div>
</div>

<div class="wp-block-columns is-layout-flex wp-container-core-columns-is-layout-9d6595d7 wp-block-columns-is-layout-flex">
<div class="wp-block-column is-layout-flow wp-block-column-is-layout-flow">
<h2 class="wp-block-heading has-text-color has-link-color wp-elements-ba2bda59e17ce01ccec7a71cbd860b4c" style="color:#e62321"><strong></strong><strong>olafur ELIASSON</strong></h2>



<p class="has-medium-font-size"><strong>Er den seneste gæstekurator for WeTransfers kreative portal WePresent</strong></p>



<p>WeTransfer annoncerer Olafur Eliasson som sin nye årlige gæstekurator.<br />Kunstneren Olafur Eliasson bliver den seneste gæstekurator for WeTransfers kreative portal WePresent.</p>



<p>WeTransfer, den foretrukne filoverførselstjeneste, har netop tilføjet endnu en kreativ streng til sin bue med annonceringen af 2024&#8217;s årlige gæstekurator, den islandsk-danske kunstner Olafur Eliasson.</p>



<p>Partnerskabet med en kunstner, der er kendt for sit fokus på miljøspørgsmål, fremhæver også WeTransfers nyligt forhøjede B Corp-score, en rating, der klassificerer virksomheder, som opfylder &#8220;høje standarder for verificeret performance, ansvarlighed og gennemsigtighed&#8221;. Eliasson vil bruge WePresent-kunstplatformen til at fremvise værker af kunstnere, der er dedikeret til at fremhæve klimakrisen. </p>



<p>Tilbage i april udgav Eliasson på WePresent &#8220;10 rules for celebrating food&#8221;, som er en del af sitets igangværende A Manifesto By-serie. Som sitets seneste gæstekurator slutter Eliasson sig til en liste, der omfatter kunstneren Marina Abramovic, musikeren Solange Knowles og skuespilleren og kunstsamleren Russell Tovey.<br />Eliasson vil give en række nye stemmer plads på WePresent-platformen og ikke kun tage fat på klimakrisen, men &#8220;tilstødende emner, som han anser for at være dybt forbundne&#8221;. Det gælder bl.a. det lidet omtalte spørgsmål om klimaretfærdighed samt systemisk racisme og kønspolitik.  </p>




</div>



<div class="wp-block-column is-layout-flow wp-block-column-is-layout-flow">
<div style="height:81px" aria-hidden="true" class="wp-block-spacer"></div>



<p>&#8220;Jeg er taknemmelig for, at WeTransfer har inviteret mig til at være gæstekurator i år,&#8221; siger Eliasson. &#8220;WePresent er et levende rum, der både er personligt og grænseløst &#8211; noget, jeg finder særligt værdifuldt i 2024. Sammen håber vi at kunne forstærke de stemmer, der tager fat på de presserende spørgsmål i vores tid. </p>



<p>Som Eliasson bemærker i sit indledende læserbrev: &#8220;Kunstnere, musikere, forfattere, dansere, performere &#8211; de giver alle form til kompleksiteten i vores nuværende øjeblik og kan tale direkte til os som individer. De bekræftede samarbejder omfatter art director Sarah Masete, kunstner Hadeer Omar og forfatter og teoretiker Neema Githere, &#8220;som alle adresserer kompleksitet og er værter for diskussioner, som jeg finder dybt inspirerende&#8221;, ifølge Eliasson. &#8220;Jeg er meget glad for at arbejde som gæstekurator med WeTransfer for yderligere at forstærke deres vigtige stemmer, udløse vigtige diskussioner og inspirere andre.<br />WePresent har et månedligt publikum på omkring 3 millioner mennesker i 190 lande, mens selve filoverførselsplatformen har en brugerbase på over 80 millioner mennesker. &#8220;Vi er forpligtet til at forstærke stemmerne fra kunstnere, der bruger deres platforme til at gøre godt, og Olafur Eliasson er eksemplarisk&#8221;, siger Holly Fraser, VP of Content hos WeTransfer. &#8220;Han har længe været en forkæmper for bæredygtighed, klimaaktivisme og behovet for kollektiv forandring.  </p>



<p><a href="https://olafureliasson.net/" target="_blank" rel="noreferrer noopener">OlafurEliasson.net </a><br /><a href="https://www.instagram.com/studioolafureliasson/" target="_blank" rel="noreferrer noopener">@StudioOlafurEliasson</a><br /><a href="https://wetransfer.com/" target="_blank" rel="noreferrer noopener">WeTransfer.com</a><br /><a href="https://www.instagram.com/wetransfer/" target="_blank" rel="noreferrer noopener">@WeTransfer</a><br /><a href="https://wepresent.wetransfer.com/" target="_blank" rel="noreferrer noopener">WePresentWeTransfer.com</a><br /><a href="https://www.instagram.com/wepresent/" target="_blank" rel="noreferrer noopener">@WePresent</a><br /><a href="https://www.wallpaper.com/" target="_blank" rel="noreferrer noopener">www.wallpaper.com</a></p>
</div>
</div>

<hr class="wp-block-separator has-alpha-channel-opacity"/>

<p class="has-text-color has-link-color has-large-font-size wp-elements-c95e1a8d8d5ff58c61dccb09cdd01790" id="emp-cdf" style="color:#e62321"><strong>I 2024/25 ANBEFALER VI EN CASPAR DAVID FRIEDRICH-TUR!</strong></p>

<p class="has-medium-font-size"><em>ÅR 2024 er et år i ROMANENS tegn.</em></p>

<p class="has-medium-font-size">I anledning af Caspar David Friedrichs 250-års fødselsdag er der flere store udstillinger, som hylder Tysklands mest berømte maler, hvis kunst i årtier blev afvist som kitsch. I år bliver han fejret på omfattende og passende vis. Et overblik over udstillingerne:   </p>

<figure class="wp-block-image size-large"><img loading="lazy" decoding="async" width="1024" height="730" src="https://www.kunstfuerangeln.de/wp-content/uploads/2024/01/Caspar_David_Friedrich-1024x730.jpg" alt="" class="wp-image-5945" srcset="https://www.kunstfuerangeln.de/wp-content/uploads/2024/01/Caspar_David_Friedrich-1024x730.jpg 1024w, https://www.kunstfuerangeln.de/wp-content/uploads/2024/01/Caspar_David_Friedrich-300x214.jpg 300w, https://www.kunstfuerangeln.de/wp-content/uploads/2024/01/Caspar_David_Friedrich-768x547.jpg 768w, https://www.kunstfuerangeln.de/wp-content/uploads/2024/01/Caspar_David_Friedrich-1536x1094.jpg 1536w, https://www.kunstfuerangeln.de/wp-content/uploads/2024/01/Caspar_David_Friedrich.jpg 1600w" sizes="auto, (max-width: 1024px) 100vw, 1024px" /><figcaption class="wp-element-caption">Caspar David Friedrich, The Giant Mountains, 1830, olie på lærred.<br /><em>Alte Nationalgalerie, Berlin</em></figcaption></figure>

<p>I Caspar David Friedrichs fødeby GREIFSWALD, det <a href="https://www.pommersches-landesmuseum.de/ausstellungen/caspar-david-friedrich-2024" target="_blank" rel="noreferrer noopener">pommerske statsmuseum</a>: fra 28. april til 4. august 2024 vises udstillingen &#8220;Caspar David Friedrich. Livslinjer&#8221;. Derefter &#8220;Caspar David Friedrich. Places of Longing&#8221; fra 18.08. &#8211; 06.10.2024 og fra 16. oktober udstillingen &#8220;Caspar David Friedrich. Hometown&#8221; løber frem til 05.01.2025!   </p>

<p>Af sted til BERLIN! Fra 19.04.24 &#8211; 04.08.24 viste <a href="https://www.smb.museum/museen-einrichtungen/alte-nationalgalerie/home/" target="_blank" rel="noreferrer noopener">Alte Nationalgalerie</a> udstillingen &#8220;Caspar David Friedrich &#8211; Infinite Landscapes&#8221;.   <br /><br />DRESDEN var centrum for maleren Caspar David Friedrichs (1774-1840) liv i over 40 år. <a href="https://albertinum.skd.museum/ausstellungen/caspar-david-friedrich-wo-alles-begann/" target="_blank" rel="noreferrer noopener">Albertinum</a> (24. august 2024-05. januar 2025) og Kupferstich-Kabinett (24. august &#8211; 17. november 2024) viser og udstiller den store særudstilling &#8220;Dresden &#8211; hvor det hele begyndte&#8221; for at markere 250-året for Caspar David Friedrichs fødsel! </p>

<p>&#8230; og i slutningen af året: Af sted til Weimar! Fra den 22. november vil Schillermuseet kaste lys over kapitlet om C.D. Friedrich og Goethe. <a href="https://www.klassik-stiftung.de/ihr-besuch/ausstellung/caspar-david-friedrich/" target="_blank" rel="noreferrer noopener">Klassik Stiftung Weimars</a> særudstilling &#8220;Caspar David Friedrich, Goethe og romantikken i Weimar&#8221; kan ses frem til 2. marts 2025.   </p>

<p>I 2025 lancerer Metropolitan Museum of Art i NEW YORK den første store CDF-soloudstilling med titlen &#8220;Caspar David Friedrich &#8211; the soul of Nature&#8221;.</p>

<p><strong>BOGTIP:</strong> Alle, der planlægger at besøge en af Friedrichs udstillinger, anbefales at læse den seneste bog af Florian Illies på forhånd: &#8220;ZEIT DER STILLE &#8211; Caspar David Friedrichs Reisen durch die Zeiten&#8221;. Udgivet af S.Fischer. Den ideelle forberedelse til enhver CDF-udstilling!  </p>

<p>KUNST TIL FISKERI ANBEFALES Kunstsilo i Kristiansand Interessant artikel om et projekt i Norge Noget nyt i nord I Kristiansand i Norge er en af de mest spektakulære museumsbygninger i Skandinavien åbnet: Kunstsiloen. I en tidligere kornsilo spørger den første udstilling, hvad der er nordisk i modernismen &#8211; men har endnu ikke fundet et svar. [&hellip;]</p>
