{"id":10742,"date":"2024-01-15T16:09:02","date_gmt":"2024-01-15T15:09:02","guid":{"rendered":"https:\/\/www.kunstfuerangeln.de\/ikoner-af-photo-art"},"modified":"2026-03-14T11:58:09","modified_gmt":"2026-03-14T10:58:09","slug":"ikoner-af-photo-art","status":"publish","type":"page","link":"https:\/\/www.kunstfuerangeln.de\/da\/ikoner-af-photo-art","title":{"rendered":"ikoner af PHOTO ART"},"content":{"rendered":"\n<h1 class=\"wp-block-heading\">FOTOKUNST &#8211; IKONER FOR FOTOGRAFISK KUNST<\/h1>\n\n<h2 class=\"wp-block-heading\">Stor succes for efter\u00e5rsudstillingen<\/h2>\n\n<p class=\"has-medium-font-size\"><em>Fra den 13. oktober til den 10. november 2024 kunne man se mesterv\u00e6rker af fotokunstnere p\u00e5 den sidste Art for Angling 2024-udstilling.<\/em><\/p>\n\n\n\n<div class=\"wp-block-columns is-layout-flex wp-container-core-columns-is-layout-9d6595d7 wp-block-columns-is-layout-flex\">\n<div class=\"wp-block-column is-layout-flow wp-block-column-is-layout-flow\">\n<p>Hvad er et godt billede? &#8211; Et godt billede ber\u00f8rer. Det kommer ind under huden p\u00e5 dig, det s\u00e6tter sig fast i din hukommelse. Der er billeder, som n\u00e6sten alle kender. Uanset om du allerede har studeret fotografiet og dets historie eller ej, er der nogle billeder, der er fast forankret i det 21. \u00e5rhundredes visuelle hukommelse som samtidsdokumenter.<\/p>\n\n\n\n<p>Det er fotografiet, der har formet og fortsat former vores syn p\u00e5 verden. For billedet er der stadig. Det er ikke flygtigt. Ved siden af alle de iscenesatte illusoriske verdener s\u00f8ger det autentiske fotografi efter virkelige \u00f8jeblikke &#8211; efter sandf\u00e6rdighed. Og holder dem fast. I en verden, hvor mindre og mindre virker virkeligt, er det m\u00e5ske netop her, kunsten ligger.  <\/p>\n\n\n\n<p><strong>Fotografiets ikoner<\/strong>. Bare et spejl af aktuelle begivenheder? Hvordan opst\u00e5r denne s\u00e6rlige betydning, hvorfor bliver visse fotografier s\u00e5 velkendte? Hvorfor kommer de p\u00e5 bog- eller magasinforsider? Og hvorfor er netop dette motiv p\u00e5 forsiden?<\/p>\n\n\n\n<p>Ingrid Roosen-Trinks, samler og bestyrelsesmedlem i foreningen KUNST F\u00dcR ANGELN e.V., og Timm Vollert, kurator og medlem af Deutsche Gesellschaft f\u00fcr Photographie e.V., udforskede disse og andre sp\u00f8rgsm\u00e5l sammen i udstillingen &#8220;Fotokunst &#8211; Ikoner af fotografisk kunst&#8221;.<\/p>\n<\/div>\n\n\n\n<div class=\"wp-block-column is-layout-flow wp-block-column-is-layout-flow\">\n <div id=\"slider-block_6e4491737acb902dc72daa4a8cee7e94\" class=\"swiper-container-wrapper slider\">\n <div class=\"swiper-container\" data-spalten=\"1\" data-autoplay=\"1\" data-delay=\"3700\">\n    <div class=\"swiper-wrapper\">\n      \n\n <div id=\"slide-block_cb1e74c958fd480e3111e96c036b2168\" class=\"swiper-slide slide\">\n    \n\n<figure class=\"wp-block-image size-full\"><img loading=\"lazy\" decoding=\"async\" width=\"360\" height=\"640\" src=\"https:\/\/www.kunstfuerangeln.de\/wp-content\/uploads\/2024\/11\/IMG_0770.png\" alt=\"\" class=\"wp-image-7587\" srcset=\"https:\/\/www.kunstfuerangeln.de\/wp-content\/uploads\/2024\/11\/IMG_0770.png 360w, https:\/\/www.kunstfuerangeln.de\/wp-content\/uploads\/2024\/11\/IMG_0770-169x300.png 169w\" sizes=\"auto, (max-width: 360px) 100vw, 360px\" \/><\/figure>\n\n<\/div>\n\n\n\n <div id=\"slide-block_cb1e74c958fd480e3111e96c036b2168\" class=\"swiper-slide slide\">\n    \n\n<figure class=\"wp-block-image size-full\"><img loading=\"lazy\" decoding=\"async\" width=\"360\" height=\"640\" src=\"https:\/\/www.kunstfuerangeln.de\/wp-content\/uploads\/2024\/11\/IMG_0768.png\" alt=\"\" class=\"wp-image-7589\" srcset=\"https:\/\/www.kunstfuerangeln.de\/wp-content\/uploads\/2024\/11\/IMG_0768.png 360w, https:\/\/www.kunstfuerangeln.de\/wp-content\/uploads\/2024\/11\/IMG_0768-169x300.png 169w\" sizes=\"auto, (max-width: 360px) 100vw, 360px\" \/><\/figure>\n\n<\/div>\n\n\n\n <div id=\"slide-block_cb1e74c958fd480e3111e96c036b2168\" class=\"swiper-slide slide\">\n    \n\n<figure class=\"wp-block-image size-full\"><img loading=\"lazy\" decoding=\"async\" width=\"360\" height=\"640\" src=\"https:\/\/www.kunstfuerangeln.de\/wp-content\/uploads\/2024\/11\/IMG_0771.png\" alt=\"\" class=\"wp-image-7591\" srcset=\"https:\/\/www.kunstfuerangeln.de\/wp-content\/uploads\/2024\/11\/IMG_0771.png 360w, https:\/\/www.kunstfuerangeln.de\/wp-content\/uploads\/2024\/11\/IMG_0771-169x300.png 169w\" sizes=\"auto, (max-width: 360px) 100vw, 360px\" \/><\/figure>\n\n<\/div>\n\n\n\n <div id=\"slide-block_cb1e74c958fd480e3111e96c036b2168\" class=\"swiper-slide slide\">\n    \n\n<figure class=\"wp-block-image size-full\"><img loading=\"lazy\" decoding=\"async\" width=\"360\" height=\"640\" src=\"https:\/\/www.kunstfuerangeln.de\/wp-content\/uploads\/2024\/11\/IMG_0777.png\" alt=\"\" class=\"wp-image-7593\" srcset=\"https:\/\/www.kunstfuerangeln.de\/wp-content\/uploads\/2024\/11\/IMG_0777.png 360w, https:\/\/www.kunstfuerangeln.de\/wp-content\/uploads\/2024\/11\/IMG_0777-169x300.png 169w\" sizes=\"auto, (max-width: 360px) 100vw, 360px\" \/><\/figure>\n\n<\/div>\n\n\n\n <div id=\"slide-block_cb1e74c958fd480e3111e96c036b2168\" class=\"swiper-slide slide\">\n    \n\n<figure class=\"wp-block-image size-full\"><img loading=\"lazy\" decoding=\"async\" width=\"360\" height=\"640\" src=\"https:\/\/www.kunstfuerangeln.de\/wp-content\/uploads\/2024\/11\/IMG_0773.png\" alt=\"\" class=\"wp-image-7595\" srcset=\"https:\/\/www.kunstfuerangeln.de\/wp-content\/uploads\/2024\/11\/IMG_0773.png 360w, https:\/\/www.kunstfuerangeln.de\/wp-content\/uploads\/2024\/11\/IMG_0773-169x300.png 169w\" sizes=\"auto, (max-width: 360px) 100vw, 360px\" \/><\/figure>\n\n<\/div>\n\n\n\n <div id=\"slide-block_cb1e74c958fd480e3111e96c036b2168\" class=\"swiper-slide slide\">\n    \n\n<figure class=\"wp-block-image size-full\"><img loading=\"lazy\" decoding=\"async\" width=\"360\" height=\"640\" src=\"https:\/\/www.kunstfuerangeln.de\/wp-content\/uploads\/2024\/11\/IMG_0774.png\" alt=\"\" class=\"wp-image-7597\" srcset=\"https:\/\/www.kunstfuerangeln.de\/wp-content\/uploads\/2024\/11\/IMG_0774.png 360w, https:\/\/www.kunstfuerangeln.de\/wp-content\/uploads\/2024\/11\/IMG_0774-169x300.png 169w\" sizes=\"auto, (max-width: 360px) 100vw, 360px\" \/><\/figure>\n\n<\/div>\n\n\n\n <div id=\"slide-block_cb1e74c958fd480e3111e96c036b2168\" class=\"swiper-slide slide\">\n    \n\n<figure class=\"wp-block-image size-full\"><img loading=\"lazy\" decoding=\"async\" width=\"360\" height=\"640\" src=\"https:\/\/www.kunstfuerangeln.de\/wp-content\/uploads\/2024\/11\/IMG_0772.png\" alt=\"\" class=\"wp-image-7599\" srcset=\"https:\/\/www.kunstfuerangeln.de\/wp-content\/uploads\/2024\/11\/IMG_0772.png 360w, https:\/\/www.kunstfuerangeln.de\/wp-content\/uploads\/2024\/11\/IMG_0772-169x300.png 169w\" sizes=\"auto, (max-width: 360px) 100vw, 360px\" \/><\/figure>\n\n<\/div>\n\n    <\/div>\n<\/div>\n  <div class=\"swiper-pagination\"><\/div>\n<\/div>\n\n<script>\n\n<\/script>\n<\/div>\n<\/div>\n\n<p>Til udstillingen har samleren Roosen-Trinks udvalgt fotografier af anerkendte fotokunstnere, hvis motiver siden er blevet ikoner. Den omfatter ogs\u00e5 nyerhvervelser af unge fotokunstnere, som stadig arbejder analogt og kan klassificeres som autentisk fotografi. Timm Vollert trak p\u00e5 en omfattende pulje af enest\u00e5ende fotokunst fra n\u00e6sten alle emneomr\u00e5der, takket v\u00e6re hans mange\u00e5rige t\u00e6tte samarbejde med internationale kunstnere og fotografer samt fra fotosamlinger og arkiver.  <\/p>\n\n<p>Resultatet er en sp\u00e6ndende blanding af fotokunst med over 100 billeder fra gadefotografiet, herunder ikoner for fotokunst, som ogs\u00e5 kan findes i f\u00f8rende internationale fotosamlinger. Ber\u00f8mte fotografier fra metropoler som New York, Berlin, Hollywood og Paris blev udstillet sammen med mesterv\u00e6rker inden for sort\/hvid-fotografi.<\/p>\n\n\n\n<div class=\"wp-block-columns is-layout-flex wp-container-core-columns-is-layout-9d6595d7 wp-block-columns-is-layout-flex\">\n<div class=\"wp-block-column is-layout-flow wp-block-column-is-layout-flow\">\n<p>Hvad der blev rapporteret i medierne: <a href=\"https:\/\/www.kunstfuerangeln.de\/da\/i-medierne\">LINK<\/a><\/p>\n<\/div>\n\n\n\n<div class=\"wp-block-column is-layout-flow wp-block-column-is-layout-flow\">\n<p>P\u00e5 Instagram: <a href=\"https:\/\/www.instagram.com\/wirklich.angeln.schlei\/p\/DBRHjOBorQd\/\">LINK<\/a><\/p>\n<\/div>\n<\/div>\n\n<div class=\"wp-block-columns is-layout-flex wp-container-core-columns-is-layout-9d6595d7 wp-block-columns-is-layout-flex\">\n<div class=\"wp-block-column is-layout-flow wp-block-column-is-layout-flow\">\n<figure class=\"wp-block-video\"><video height=\"1280\" style=\"aspect-ratio: 720 \/ 1280;\" width=\"720\" controls=\"\" src=\"https:\/\/www.kunstfuerangeln.de\/wp-content\/uploads\/2024\/10\/Vernissage-Photography-Art-24.mp4\"><\/video><figcaption class=\"wp-element-caption\"><em>Fernisering den 13. oktober 2024<\/em><\/figcaption><\/figure>\n<\/div>\n\n\n\n<div class=\"wp-block-column is-layout-flow wp-block-column-is-layout-flow\"><\/div>\n<\/div>\n\n<hr class=\"wp-block-separator has-alpha-channel-opacity\"\/>\n\n<h2 class=\"wp-block-heading\" id=\"dddf\">FOTOPROJEKT 2024 \/ TYSK-DANSK VENSKAB<\/h2>\n\n<p class=\"has-medium-font-size\">WITTKIELHOF &#8211; WESTFL\u00dcGEL 13.10 til 10.11.2024<br \/>&#8221; Kunst til fiskeri: Kunsten overvinder gr\u00e6nserne Fotoprojekt 2024&#8243;  <\/p>\n\n<p>Det var et fotoprojekt, hvor slesvig-holstenske og danske kunstnere og fotografer hver is\u00e6r s\u00f8gte en kreativ samarbejdspartner p\u00e5 den anden side af gr\u00e6nsen for i f\u00e6llesskab at realisere motiver, der fotografisk skulle skildre det tysk-danske venskab.<br \/>Hver af de deltagende kunstnere inviterede derefter mindst 10 personer fra deres netv\u00e6rk til fernisering for sammen at diskutere de udstillede motiver. <br \/>Eksempel:<br \/>En dansk fotokunstner ledte efter en kunstner i Slesvig-Holsten. Begge realiserede fotografisk temaet &#8220;tysk-dansk venskab&#8221;.<br \/>2 deltagende kunstnere (1 fra Danmark plus 1 fra Slesvig-Holsten) = 2 fotomotiver plus 10 tyskere fra Slesvig-Holsten og 10 danskere fra deres vennekreds = 20 personer pr. samarbejdsduo.<br \/><br \/>10 kunstnere pr. land blev inviteret. Hver af dem skabte et fotografisk kunstv\u00e6rk om temaet.<br \/>Projektet og udstillingen blev organiseret af Kunst f\u00fcr Angeln e.V.<\/p>\n\n<p>Indl\u00e6g p\u00e5 Instagram:<br \/><a href=\"https:\/\/www.instagram.com\/wirklich.angeln.schlei\/p\/DBN49N-OwLM\/?img_index=1\" target=\"_blank\" rel=\"noreferrer noopener\">LINK 1<\/a><br \/><a href=\"https:\/\/www.instagram.com\/p\/DBYL2dcuAir\/\" target=\"_blank\" rel=\"noreferrer noopener\">LINK 2<\/a><\/p>\n","protected":false},"excerpt":{"rendered":"<p>FOTOKUNST &#8211; IKONER FOR FOTOGRAFISK KUNST Stor succes for efter\u00e5rsudstillingen Fra den 13. oktober til den 10. november 2024 kunne man se mesterv\u00e6rker af fotokunstnere p\u00e5 den sidste Art for Angling 2024-udstilling. Hvad er et godt billede? &#8211; Et godt billede ber\u00f8rer. Det kommer ind under huden p\u00e5 dig, det s\u00e6tter sig fast i din [&hellip;]<\/p>\n","protected":false},"author":7,"featured_media":0,"parent":0,"menu_order":0,"comment_status":"closed","ping_status":"closed","template":"","meta":{"_acf_changed":false,"footnotes":""},"class_list":["post-10742","page","type-page","status-publish","hentry"],"acf":[],"_links":{"self":[{"href":"https:\/\/www.kunstfuerangeln.de\/da\/wp-json\/wp\/v2\/pages\/10742","targetHints":{"allow":["GET"]}}],"collection":[{"href":"https:\/\/www.kunstfuerangeln.de\/da\/wp-json\/wp\/v2\/pages"}],"about":[{"href":"https:\/\/www.kunstfuerangeln.de\/da\/wp-json\/wp\/v2\/types\/page"}],"author":[{"embeddable":true,"href":"https:\/\/www.kunstfuerangeln.de\/da\/wp-json\/wp\/v2\/users\/7"}],"replies":[{"embeddable":true,"href":"https:\/\/www.kunstfuerangeln.de\/da\/wp-json\/wp\/v2\/comments?post=10742"}],"version-history":[{"count":2,"href":"https:\/\/www.kunstfuerangeln.de\/da\/wp-json\/wp\/v2\/pages\/10742\/revisions"}],"predecessor-version":[{"id":11274,"href":"https:\/\/www.kunstfuerangeln.de\/da\/wp-json\/wp\/v2\/pages\/10742\/revisions\/11274"}],"wp:attachment":[{"href":"https:\/\/www.kunstfuerangeln.de\/da\/wp-json\/wp\/v2\/media?parent=10742"}],"curies":[{"name":"wp","href":"https:\/\/api.w.org\/{rel}","templated":true}]}}

<h1 class="wp-block-heading">FOTOKUNST &#8211; IKONER FOR FOTOGRAFISK KUNST</h1>

<h2 class="wp-block-heading">Stor succes for efterårsudstillingen</h2>

<p class="has-medium-font-size"><em>Fra den 13. oktober til den 10. november 2024 kunne man se mesterværker af fotokunstnere på den sidste Art for Angling 2024-udstilling.</em></p>



<div class="wp-block-columns is-layout-flex wp-container-core-columns-is-layout-9d6595d7 wp-block-columns-is-layout-flex">
<div class="wp-block-column is-layout-flow wp-block-column-is-layout-flow">
<p>Hvad er et godt billede? &#8211; Et godt billede berører. Det kommer ind under huden på dig, det sætter sig fast i din hukommelse. Der er billeder, som næsten alle kender. Uanset om du allerede har studeret fotografiet og dets historie eller ej, er der nogle billeder, der er fast forankret i det 21. århundredes visuelle hukommelse som samtidsdokumenter.</p>



<p>Det er fotografiet, der har formet og fortsat former vores syn på verden. For billedet er der stadig. Det er ikke flygtigt. Ved siden af alle de iscenesatte illusoriske verdener søger det autentiske fotografi efter virkelige øjeblikke &#8211; efter sandfærdighed. Og holder dem fast. I en verden, hvor mindre og mindre virker virkeligt, er det måske netop her, kunsten ligger.  </p>



<p><strong>Fotografiets ikoner</strong>. Bare et spejl af aktuelle begivenheder? Hvordan opstår denne særlige betydning, hvorfor bliver visse fotografier så velkendte? Hvorfor kommer de på bog- eller magasinforsider? Og hvorfor er netop dette motiv på forsiden?</p>



<p>Ingrid Roosen-Trinks, samler og bestyrelsesmedlem i foreningen KUNST FÜR ANGELN e.V., og Timm Vollert, kurator og medlem af Deutsche Gesellschaft für Photographie e.V., udforskede disse og andre spørgsmål sammen i udstillingen &#8220;Fotokunst &#8211; Ikoner af fotografisk kunst&#8221;.</p>
</div>



<div class="wp-block-column is-layout-flow wp-block-column-is-layout-flow">
 <div id="slider-block_6e4491737acb902dc72daa4a8cee7e94" class="swiper-container-wrapper slider">
 <div class="swiper-container" data-spalten="1" data-autoplay="1" data-delay="3700">
    <div class="swiper-wrapper">
      

 <div id="slide-block_cb1e74c958fd480e3111e96c036b2168" class="swiper-slide slide">
    

<figure class="wp-block-image size-full"><img loading="lazy" decoding="async" width="360" height="640" src="https://www.kunstfuerangeln.de/wp-content/uploads/2024/11/IMG_0770.png" alt="" class="wp-image-7587" srcset="https://www.kunstfuerangeln.de/wp-content/uploads/2024/11/IMG_0770.png 360w, https://www.kunstfuerangeln.de/wp-content/uploads/2024/11/IMG_0770-169x300.png 169w" sizes="auto, (max-width: 360px) 100vw, 360px" /></figure>

</div>



 <div id="slide-block_cb1e74c958fd480e3111e96c036b2168" class="swiper-slide slide">
    

<figure class="wp-block-image size-full"><img loading="lazy" decoding="async" width="360" height="640" src="https://www.kunstfuerangeln.de/wp-content/uploads/2024/11/IMG_0768.png" alt="" class="wp-image-7589" srcset="https://www.kunstfuerangeln.de/wp-content/uploads/2024/11/IMG_0768.png 360w, https://www.kunstfuerangeln.de/wp-content/uploads/2024/11/IMG_0768-169x300.png 169w" sizes="auto, (max-width: 360px) 100vw, 360px" /></figure>

</div>



 <div id="slide-block_cb1e74c958fd480e3111e96c036b2168" class="swiper-slide slide">
    

<figure class="wp-block-image size-full"><img loading="lazy" decoding="async" width="360" height="640" src="https://www.kunstfuerangeln.de/wp-content/uploads/2024/11/IMG_0771.png" alt="" class="wp-image-7591" srcset="https://www.kunstfuerangeln.de/wp-content/uploads/2024/11/IMG_0771.png 360w, https://www.kunstfuerangeln.de/wp-content/uploads/2024/11/IMG_0771-169x300.png 169w" sizes="auto, (max-width: 360px) 100vw, 360px" /></figure>

</div>



 <div id="slide-block_cb1e74c958fd480e3111e96c036b2168" class="swiper-slide slide">
    

<figure class="wp-block-image size-full"><img loading="lazy" decoding="async" width="360" height="640" src="https://www.kunstfuerangeln.de/wp-content/uploads/2024/11/IMG_0777.png" alt="" class="wp-image-7593" srcset="https://www.kunstfuerangeln.de/wp-content/uploads/2024/11/IMG_0777.png 360w, https://www.kunstfuerangeln.de/wp-content/uploads/2024/11/IMG_0777-169x300.png 169w" sizes="auto, (max-width: 360px) 100vw, 360px" /></figure>

</div>



 <div id="slide-block_cb1e74c958fd480e3111e96c036b2168" class="swiper-slide slide">
    

<figure class="wp-block-image size-full"><img loading="lazy" decoding="async" width="360" height="640" src="https://www.kunstfuerangeln.de/wp-content/uploads/2024/11/IMG_0773.png" alt="" class="wp-image-7595" srcset="https://www.kunstfuerangeln.de/wp-content/uploads/2024/11/IMG_0773.png 360w, https://www.kunstfuerangeln.de/wp-content/uploads/2024/11/IMG_0773-169x300.png 169w" sizes="auto, (max-width: 360px) 100vw, 360px" /></figure>

</div>



 <div id="slide-block_cb1e74c958fd480e3111e96c036b2168" class="swiper-slide slide">
    

<figure class="wp-block-image size-full"><img loading="lazy" decoding="async" width="360" height="640" src="https://www.kunstfuerangeln.de/wp-content/uploads/2024/11/IMG_0774.png" alt="" class="wp-image-7597" srcset="https://www.kunstfuerangeln.de/wp-content/uploads/2024/11/IMG_0774.png 360w, https://www.kunstfuerangeln.de/wp-content/uploads/2024/11/IMG_0774-169x300.png 169w" sizes="auto, (max-width: 360px) 100vw, 360px" /></figure>

</div>



 <div id="slide-block_cb1e74c958fd480e3111e96c036b2168" class="swiper-slide slide">
    

<figure class="wp-block-image size-full"><img loading="lazy" decoding="async" width="360" height="640" src="https://www.kunstfuerangeln.de/wp-content/uploads/2024/11/IMG_0772.png" alt="" class="wp-image-7599" srcset="https://www.kunstfuerangeln.de/wp-content/uploads/2024/11/IMG_0772.png 360w, https://www.kunstfuerangeln.de/wp-content/uploads/2024/11/IMG_0772-169x300.png 169w" sizes="auto, (max-width: 360px) 100vw, 360px" /></figure>

</div>

    </div>
</div>
  <div class="swiper-pagination"></div>
</div>

<script>

</script>
</div>
</div>

<p>Til udstillingen har samleren Roosen-Trinks udvalgt fotografier af anerkendte fotokunstnere, hvis motiver siden er blevet ikoner. Den omfatter også nyerhvervelser af unge fotokunstnere, som stadig arbejder analogt og kan klassificeres som autentisk fotografi. Timm Vollert trak på en omfattende pulje af enestående fotokunst fra næsten alle emneområder, takket være hans mangeårige tætte samarbejde med internationale kunstnere og fotografer samt fra fotosamlinger og arkiver.  </p>

<p>Resultatet er en spændende blanding af fotokunst med over 100 billeder fra gadefotografiet, herunder ikoner for fotokunst, som også kan findes i førende internationale fotosamlinger. Berømte fotografier fra metropoler som New York, Berlin, Hollywood og Paris blev udstillet sammen med mesterværker inden for sort/hvid-fotografi.</p>



<div class="wp-block-columns is-layout-flex wp-container-core-columns-is-layout-9d6595d7 wp-block-columns-is-layout-flex">
<div class="wp-block-column is-layout-flow wp-block-column-is-layout-flow">
<p>Hvad der blev rapporteret i medierne: <a href="https://www.kunstfuerangeln.de/da/i-medierne">LINK</a></p>
</div>



<div class="wp-block-column is-layout-flow wp-block-column-is-layout-flow">
<p>På Instagram: <a href="https://www.instagram.com/wirklich.angeln.schlei/p/DBRHjOBorQd/">LINK</a></p>
</div>
</div>

<div class="wp-block-columns is-layout-flex wp-container-core-columns-is-layout-9d6595d7 wp-block-columns-is-layout-flex">
<div class="wp-block-column is-layout-flow wp-block-column-is-layout-flow">
<figure class="wp-block-video"><video height="1280" style="aspect-ratio: 720 / 1280;" width="720" controls="" src="https://www.kunstfuerangeln.de/wp-content/uploads/2024/10/Vernissage-Photography-Art-24.mp4"></video><figcaption class="wp-element-caption"><em>Fernisering den 13. oktober 2024</em></figcaption></figure>
</div>



<div class="wp-block-column is-layout-flow wp-block-column-is-layout-flow"></div>
</div>

<hr class="wp-block-separator has-alpha-channel-opacity"/>

<h2 class="wp-block-heading" id="dddf">FOTOPROJEKT 2024 / TYSK-DANSK VENSKAB</h2>

<p class="has-medium-font-size">WITTKIELHOF &#8211; WESTFLÜGEL 13.10 til 10.11.2024<br />&#8221; Kunst til fiskeri: Kunsten overvinder grænserne Fotoprojekt 2024&#8243;  </p>

<p>Det var et fotoprojekt, hvor slesvig-holstenske og danske kunstnere og fotografer hver især søgte en kreativ samarbejdspartner på den anden side af grænsen for i fællesskab at realisere motiver, der fotografisk skulle skildre det tysk-danske venskab.<br />Hver af de deltagende kunstnere inviterede derefter mindst 10 personer fra deres netværk til fernisering for sammen at diskutere de udstillede motiver. <br />Eksempel:<br />En dansk fotokunstner ledte efter en kunstner i Slesvig-Holsten. Begge realiserede fotografisk temaet &#8220;tysk-dansk venskab&#8221;.<br />2 deltagende kunstnere (1 fra Danmark plus 1 fra Slesvig-Holsten) = 2 fotomotiver plus 10 tyskere fra Slesvig-Holsten og 10 danskere fra deres vennekreds = 20 personer pr. samarbejdsduo.<br /><br />10 kunstnere pr. land blev inviteret. Hver af dem skabte et fotografisk kunstværk om temaet.<br />Projektet og udstillingen blev organiseret af Kunst für Angeln e.V.</p>

<p>Indlæg på Instagram:<br /><a href="https://www.instagram.com/wirklich.angeln.schlei/p/DBN49N-OwLM/?img_index=1" target="_blank" rel="noreferrer noopener">LINK 1</a><br /><a href="https://www.instagram.com/p/DBYL2dcuAir/" target="_blank" rel="noreferrer noopener">LINK 2</a></p>

<p>FOTOKUNST &#8211; IKONER FOR FOTOGRAFISK KUNST Stor succes for efterårsudstillingen Fra den 13. oktober til den 10. november 2024 kunne man se mesterværker af fotokunstnere på den sidste Art for Angling 2024-udstilling. Hvad er et godt billede? &#8211; Et godt billede berører. Det kommer ind under huden på dig, det sætter sig fast i din [&hellip;]</p>
