{"id":10820,"date":"2022-03-31T12:25:43","date_gmt":"2022-03-31T10:25:43","guid":{"rendered":"https:\/\/www.kunstfuerangeln.de\/forening"},"modified":"2026-03-14T12:00:49","modified_gmt":"2026-03-14T11:00:49","slug":"forening","status":"publish","type":"page","link":"https:\/\/www.kunstfuerangeln.de\/da\/om-os\/forening","title":{"rendered":"Forening"},"content":{"rendered":"\n<h1 class=\"wp-block-heading\">Forening<\/h1>\n\n\n\n<p class=\"has-medium-font-size\">M\u00e5let med &#8220;Kunst f\u00fcr Angeln e.V.&#8221; er at skabe et nyt kultursted og understrege kunstens og dens receptions betydning for et demokratisk samfund. Programmet henvender sig til m\u00e5lgrupper i alle aldre, b\u00e5de nationalt og internationalt, og l\u00e6gger stor v\u00e6gt p\u00e5 en metodisk tilgang, der er skr\u00e6ddersyet til de respektive udstillingsbes\u00f8gende og workshopdeltagere. Til det form\u00e5l samarbejder foreningen med lokale uddannelsesinstitutioner og henvender sig f.eks. til ungdomsorganisationer og plejehjem.  <\/p>\n\n<p class=\"has-medium-font-size\">Vi \u00f8nsker at konceptualisere nye projekter sammen med kunstnere og kuratorer &#8211; det handler om m\u00f8der, udveksling, inspiration og deling af ideer.<\/p>\n\n<p class=\"has-medium-font-size\">Foreningens program tilbyder:<\/p>\n\n<ul class=\"has-medium-font-size wp-block-list\"><li>Kunstuddannelsesprogrammer, der fremmer og stimulerer dialog mellem generationerne<\/li><li>Workshops for b\u00f8rn med kunstnere fra Roosen-Trinks-samlingen<\/li><li>Eksklusive kunstomvisninger for alle (efter aftale)<\/li><li>Solo- og gruppeudstillinger med sp\u00e6ndende kunstnere<\/li><li>regelm\u00e6ssige \u00c5BENT HUS-arrangementer<\/li><\/ul>\n\n<p class=\"has-medium-font-size\">Kom og lav en aftale med os p\u00e5: <a href=\"mailto:visit@kunstfuerangeln.de\">visit@kunstfuerangeln.de<\/a><\/p>\n\n<figure class=\"wp-block-image size-large\"><img loading=\"lazy\" decoding=\"async\" width=\"1024\" height=\"683\" src=\"https:\/\/www.kunstfuerangeln.de\/wp-content\/uploads\/2022\/04\/FD20695-1024x683.jpg\" alt=\"\" class=\"wp-image-471\" srcset=\"https:\/\/www.kunstfuerangeln.de\/wp-content\/uploads\/2022\/04\/FD20695-1024x683.jpg 1024w, https:\/\/www.kunstfuerangeln.de\/wp-content\/uploads\/2022\/04\/FD20695-300x200.jpg 300w, https:\/\/www.kunstfuerangeln.de\/wp-content\/uploads\/2022\/04\/FD20695-768x512.jpg 768w, https:\/\/www.kunstfuerangeln.de\/wp-content\/uploads\/2022\/04\/FD20695-1536x1024.jpg 1536w, https:\/\/www.kunstfuerangeln.de\/wp-content\/uploads\/2022\/04\/FD20695-2048x1365.jpg 2048w\" sizes=\"auto, (max-width: 1024px) 100vw, 1024px\" \/><figcaption>Wittkiel, Angeln Peninsula, 2022, udstilling &#8220;PORTRAITS &#8211; MASKS &#8211; ENHANCEMENTS&#8221; p\u00e5 Wittkielhof, v\u00e6rker fra Roosen-Trinks Collection, kurateret af Corinna Koch og Isa Maschewski, Copyright foto: FRED DOTT, Hamburg<\/figcaption><\/figure>\n\n<p class=\"has-medium-font-size\">Hvis du har lyst til at st\u00f8tte Kunst f\u00fcr Angeln e.V., vil vi blive meget glade.  <br \/><\/p>\n\n<p class=\"has-medium-font-size\"><\/p>\n\n<div class=\"wp-block-buttons is-layout-flex wp-block-buttons-is-layout-flex\">\n<div class=\"wp-block-button is-style-outline is-style-outline--1\"><a class=\"wp-block-button__link\" href=\"https:\/\/www.kunstfuerangeln.de\/da\/doner\">DON\u00c9R<\/a><\/div>\n<\/div>\n","protected":false},"excerpt":{"rendered":"<p>Forening M\u00e5let med &#8220;Kunst f\u00fcr Angeln e.V.&#8221; er at skabe et nyt kultursted og understrege kunstens og dens receptions betydning for et demokratisk samfund. Programmet henvender sig til m\u00e5lgrupper i alle aldre, b\u00e5de nationalt og internationalt, og l\u00e6gger stor v\u00e6gt p\u00e5 en metodisk tilgang, der er skr\u00e6ddersyet til de respektive udstillingsbes\u00f8gende og workshopdeltagere. Til det [&hellip;]<\/p>\n","protected":false},"author":1,"featured_media":0,"parent":11473,"menu_order":0,"comment_status":"closed","ping_status":"closed","template":"","meta":{"_acf_changed":false,"footnotes":""},"class_list":["post-10820","page","type-page","status-publish","hentry"],"acf":[],"_links":{"self":[{"href":"https:\/\/www.kunstfuerangeln.de\/da\/wp-json\/wp\/v2\/pages\/10820","targetHints":{"allow":["GET"]}}],"collection":[{"href":"https:\/\/www.kunstfuerangeln.de\/da\/wp-json\/wp\/v2\/pages"}],"about":[{"href":"https:\/\/www.kunstfuerangeln.de\/da\/wp-json\/wp\/v2\/types\/page"}],"author":[{"embeddable":true,"href":"https:\/\/www.kunstfuerangeln.de\/da\/wp-json\/wp\/v2\/users\/1"}],"replies":[{"embeddable":true,"href":"https:\/\/www.kunstfuerangeln.de\/da\/wp-json\/wp\/v2\/comments?post=10820"}],"version-history":[{"count":1,"href":"https:\/\/www.kunstfuerangeln.de\/da\/wp-json\/wp\/v2\/pages\/10820\/revisions"}],"predecessor-version":[{"id":10823,"href":"https:\/\/www.kunstfuerangeln.de\/da\/wp-json\/wp\/v2\/pages\/10820\/revisions\/10823"}],"up":[{"embeddable":true,"href":"https:\/\/www.kunstfuerangeln.de\/da\/wp-json\/wp\/v2\/pages\/11473"}],"wp:attachment":[{"href":"https:\/\/www.kunstfuerangeln.de\/da\/wp-json\/wp\/v2\/media?parent=10820"}],"curies":[{"name":"wp","href":"https:\/\/api.w.org\/{rel}","templated":true}]}}

<h1 class="wp-block-heading">Forening</h1>



<p class="has-medium-font-size">Målet med &#8220;Kunst für Angeln e.V.&#8221; er at skabe et nyt kultursted og understrege kunstens og dens receptions betydning for et demokratisk samfund. Programmet henvender sig til målgrupper i alle aldre, både nationalt og internationalt, og lægger stor vægt på en metodisk tilgang, der er skræddersyet til de respektive udstillingsbesøgende og workshopdeltagere. Til det formål samarbejder foreningen med lokale uddannelsesinstitutioner og henvender sig f.eks. til ungdomsorganisationer og plejehjem.  </p>

<p class="has-medium-font-size">Vi ønsker at konceptualisere nye projekter sammen med kunstnere og kuratorer &#8211; det handler om møder, udveksling, inspiration og deling af ideer.</p>

<p class="has-medium-font-size">Foreningens program tilbyder:</p>

<ul class="has-medium-font-size wp-block-list"><li>Kunstuddannelsesprogrammer, der fremmer og stimulerer dialog mellem generationerne</li><li>Workshops for børn med kunstnere fra Roosen-Trinks-samlingen</li><li>Eksklusive kunstomvisninger for alle (efter aftale)</li><li>Solo- og gruppeudstillinger med spændende kunstnere</li><li>regelmæssige ÅBENT HUS-arrangementer</li></ul>

<p class="has-medium-font-size">Kom og lav en aftale med os på: <a href="mailto:visit@kunstfuerangeln.de">visit@kunstfuerangeln.de</a></p>

<figure class="wp-block-image size-large"><img loading="lazy" decoding="async" width="1024" height="683" src="https://www.kunstfuerangeln.de/wp-content/uploads/2022/04/FD20695-1024x683.jpg" alt="" class="wp-image-471" srcset="https://www.kunstfuerangeln.de/wp-content/uploads/2022/04/FD20695-1024x683.jpg 1024w, https://www.kunstfuerangeln.de/wp-content/uploads/2022/04/FD20695-300x200.jpg 300w, https://www.kunstfuerangeln.de/wp-content/uploads/2022/04/FD20695-768x512.jpg 768w, https://www.kunstfuerangeln.de/wp-content/uploads/2022/04/FD20695-1536x1024.jpg 1536w, https://www.kunstfuerangeln.de/wp-content/uploads/2022/04/FD20695-2048x1365.jpg 2048w" sizes="auto, (max-width: 1024px) 100vw, 1024px" /><figcaption>Wittkiel, Angeln Peninsula, 2022, udstilling &#8220;PORTRAITS &#8211; MASKS &#8211; ENHANCEMENTS&#8221; på Wittkielhof, værker fra Roosen-Trinks Collection, kurateret af Corinna Koch og Isa Maschewski, Copyright foto: FRED DOTT, Hamburg</figcaption></figure>

<p class="has-medium-font-size">Hvis du har lyst til at støtte Kunst für Angeln e.V., vil vi blive meget glade.  <br /></p>

<p class="has-medium-font-size"></p>

<div class="wp-block-buttons is-layout-flex wp-block-buttons-is-layout-flex">
<div class="wp-block-button is-style-outline is-style-outline--1"><a class="wp-block-button__link" href="https://www.kunstfuerangeln.de/da/doner">DONÉR</a></div>
</div>

<p>Forening Målet med &#8220;Kunst für Angeln e.V.&#8221; er at skabe et nyt kultursted og understrege kunstens og dens receptions betydning for et demokratisk samfund. Programmet henvender sig til målgrupper i alle aldre, både nationalt og internationalt, og lægger stor vægt på en metodisk tilgang, der er skræddersyet til de respektive udstillingsbesøgende og workshopdeltagere. Til det [&hellip;]</p>
