{"id":11106,"date":"2022-03-29T17:37:28","date_gmt":"2022-03-29T15:37:28","guid":{"rendered":"https:\/\/www.kunstfuerangeln.de\/program"},"modified":"2026-03-14T12:12:13","modified_gmt":"2026-03-14T11:12:13","slug":"program","status":"publish","type":"page","link":"https:\/\/www.kunstfuerangeln.de\/da\/udstillinger\/program","title":{"rendered":"Program"},"content":{"rendered":"\n<h1 class=\"wp-block-heading\">Program 2024<\/h1>\n\n<h2 class=\"wp-block-heading has-text-color has-link-color has-large-font-size wp-elements-7cf012cdf74622acab33f0f578a4c3f9\" style=\"color:#e62321\"><strong>UDSTILLINGER<\/strong><\/h2>\n\n<p class=\"has-text-color has-link-color has-medium-font-size wp-elements-cb343ca31fc184aa6bb426c9c5aa67fc\" style=\"color:#000000\"><\/p>\n\n<figure class=\"wp-block-image size-full\"><img loading=\"lazy\" decoding=\"async\" width=\"685\" height=\"734\" src=\"https:\/\/www.kunstfuerangeln.de\/wp-content\/uploads\/2024\/10\/Miles-Davis.jpg\" alt=\"\" class=\"wp-image-7432\" srcset=\"https:\/\/www.kunstfuerangeln.de\/wp-content\/uploads\/2024\/10\/Miles-Davis.jpg 685w, https:\/\/www.kunstfuerangeln.de\/wp-content\/uploads\/2024\/10\/Miles-Davis-280x300.jpg 280w\" sizes=\"auto, (max-width: 685px) 100vw, 685px\" \/><\/figure>\n\n<p class=\"has-medium-font-size\"><em><strong>Netop f\u00e6rdig: den store efter\u00e5rsudstilling 2025<\/strong><\/em><\/p>\n\n<p class=\"has-medium-font-size\">13. oktober til &#8211; 10. november: <strong>&#8220;<a href=\"https:\/\/www.kunstfuerangeln.de\/da\/ikoner-af-photo-art\">Fotokunst &#8211; IKONEN der Fotokunst<\/a><\/strong>&#8220;<br \/>Kuratorer: Timm Vollert og Ingrid Roosen-Trinks<\/p>\n\n<p class=\"has-medium-font-size\">Samtidig<br \/>FOTOPROJEKT 2024 \/ TYSK-DANSK VENSKAB: <br \/><strong><a href=\"https:\/\/www.kunstfuerangeln.de\/da\/ikoner-af-photo-art#dddf\">&#8220;Kunst til fiskeri: Kunsten overvinder gr\u00e6nserne Fotoprojekt 2024<strong style=\"color: initial;\">&#8220;<\/strong><\/a><\/strong><br \/>Et fotoprojekt, hvor slesvig-holstenske og danske kunstnere og fotografer hver is\u00e6r s\u00f8ger en kreativ samarbejdspartner p\u00e5 den anden side af gr\u00e6nsen.<\/p>\n\n<p class=\"has-medium-font-size\">13. oktober til 10. november: <strong><a href=\"https:\/\/www.kunstfuerangeln.de\/da\/kunstuddannelse\/kunst-for-boern\">B\u00d8RNENES KUNSTKLUB LYSTFISKERI<\/a> <\/strong>&#8211; Med kunstv\u00e6rker udelukkende af b\u00f8rn. <br \/>Kuratorer: b\u00f8rnene<\/p>\n\n\n\n<h2 class=\"wp-block-heading has-text-color has-link-color has-large-font-size wp-elements-97de862e437d987c547c8f6d9d7a10ee\" style=\"color:#e62321\"><strong>KUNSTUDDANNELSE<\/strong><\/h2>\n\n<p class=\"has-medium-font-size\">Den 20. oktober afholdes en <strong><a href=\"https:\/\/www.kunstfuerangeln.de\/da\/kunstuddannelse\/vaerksteder\">workshop for b\u00f8rn<\/a> <\/strong>med kunstneren Nele Engler fandt sted den 20. oktober.<br \/><\/p>\n\n<h2 class=\"wp-block-heading has-text-color has-link-color has-large-font-size wp-elements-1b1c1bcff275b86f769dae4077addb77\" style=\"color:#e62321\"><strong>HELE \u00c5RET<\/strong><\/h2>\n\n<p class=\"has-medium-font-size\">Udl\u00e5n af kunstv\u00e6rker til skoler og daginstitutioner i Angeln:<\/p>\n\n<p class=\"has-medium-font-size\"><strong>Kaj-Munk-Skole, Kappeln  <\/strong><\/p>\n\n<p class=\"has-medium-font-size\"><strong>Nordlicht Skole S\u00fcderbrarup  <\/strong><\/p>\n\n<p class=\"has-medium-font-size\"><strong>Ev. daginstitution Flensborg<\/strong><br \/><strong><br \/>Protestantisk daginstitution Scheggerott <\/strong><br \/><br \/><strong>Regnbue daginstitution Gelting<\/strong><\/p>\n\n\n\n<hr class=\"wp-block-separator has-alpha-channel-opacity\"\/>\n\n<h2 class=\"wp-block-heading has-text-color has-link-color has-large-font-size wp-elements-9826166b9df3662fd6a22d831f8d4e5e\" style=\"color:#e62321\"><strong>TIL<\/strong> <a href=\"https:\/\/www.kunstfuerangeln.de\/da\/program-2026\">FREMTIDSUDSIGTER 2025<\/a><\/h2>\n\n\n","protected":false},"excerpt":{"rendered":"<p>Program 2024 UDSTILLINGER Netop f\u00e6rdig: den store efter\u00e5rsudstilling 2025 13. oktober til &#8211; 10. november: &#8220;Fotokunst &#8211; IKONEN der Fotokunst&#8220;Kuratorer: Timm Vollert og Ingrid Roosen-Trinks SamtidigFOTOPROJEKT 2024 \/ TYSK-DANSK VENSKAB: &#8220;Kunst til fiskeri: Kunsten overvinder gr\u00e6nserne Fotoprojekt 2024&#8220;Et fotoprojekt, hvor slesvig-holstenske og danske kunstnere og fotografer hver is\u00e6r s\u00f8ger en kreativ samarbejdspartner p\u00e5 den anden [&hellip;]<\/p>\n","protected":false},"author":1,"featured_media":0,"parent":11525,"menu_order":0,"comment_status":"closed","ping_status":"closed","template":"","meta":{"_acf_changed":false,"footnotes":""},"class_list":["post-11106","page","type-page","status-publish","hentry"],"acf":[],"_links":{"self":[{"href":"https:\/\/www.kunstfuerangeln.de\/da\/wp-json\/wp\/v2\/pages\/11106","targetHints":{"allow":["GET"]}}],"collection":[{"href":"https:\/\/www.kunstfuerangeln.de\/da\/wp-json\/wp\/v2\/pages"}],"about":[{"href":"https:\/\/www.kunstfuerangeln.de\/da\/wp-json\/wp\/v2\/types\/page"}],"author":[{"embeddable":true,"href":"https:\/\/www.kunstfuerangeln.de\/da\/wp-json\/wp\/v2\/users\/1"}],"replies":[{"embeddable":true,"href":"https:\/\/www.kunstfuerangeln.de\/da\/wp-json\/wp\/v2\/comments?post=11106"}],"version-history":[{"count":1,"href":"https:\/\/www.kunstfuerangeln.de\/da\/wp-json\/wp\/v2\/pages\/11106\/revisions"}],"predecessor-version":[{"id":11112,"href":"https:\/\/www.kunstfuerangeln.de\/da\/wp-json\/wp\/v2\/pages\/11106\/revisions\/11112"}],"up":[{"embeddable":true,"href":"https:\/\/www.kunstfuerangeln.de\/da\/wp-json\/wp\/v2\/pages\/11525"}],"wp:attachment":[{"href":"https:\/\/www.kunstfuerangeln.de\/da\/wp-json\/wp\/v2\/media?parent=11106"}],"curies":[{"name":"wp","href":"https:\/\/api.w.org\/{rel}","templated":true}]}}

<h1 class="wp-block-heading">Program 2024</h1>

<h2 class="wp-block-heading has-text-color has-link-color has-large-font-size wp-elements-7cf012cdf74622acab33f0f578a4c3f9" style="color:#e62321"><strong>UDSTILLINGER</strong></h2>

<p class="has-text-color has-link-color has-medium-font-size wp-elements-cb343ca31fc184aa6bb426c9c5aa67fc" style="color:#000000"></p>

<figure class="wp-block-image size-full"><img loading="lazy" decoding="async" width="685" height="734" src="https://www.kunstfuerangeln.de/wp-content/uploads/2024/10/Miles-Davis.jpg" alt="" class="wp-image-7432" srcset="https://www.kunstfuerangeln.de/wp-content/uploads/2024/10/Miles-Davis.jpg 685w, https://www.kunstfuerangeln.de/wp-content/uploads/2024/10/Miles-Davis-280x300.jpg 280w" sizes="auto, (max-width: 685px) 100vw, 685px" /></figure>

<p class="has-medium-font-size"><em><strong>Netop færdig: den store efterårsudstilling 2025</strong></em></p>

<p class="has-medium-font-size">13. oktober til &#8211; 10. november: <strong>&#8220;<a href="https://www.kunstfuerangeln.de/da/ikoner-af-photo-art">Fotokunst &#8211; IKONEN der Fotokunst</a></strong>&#8220;<br />Kuratorer: Timm Vollert og Ingrid Roosen-Trinks</p>

<p class="has-medium-font-size">Samtidig<br />FOTOPROJEKT 2024 / TYSK-DANSK VENSKAB: <br /><strong><a href="https://www.kunstfuerangeln.de/da/ikoner-af-photo-art#dddf">&#8220;Kunst til fiskeri: Kunsten overvinder grænserne Fotoprojekt 2024<strong style="color: initial;">&#8220;</strong></a></strong><br />Et fotoprojekt, hvor slesvig-holstenske og danske kunstnere og fotografer hver især søger en kreativ samarbejdspartner på den anden side af grænsen.</p>

<p class="has-medium-font-size">13. oktober til 10. november: <strong><a href="https://www.kunstfuerangeln.de/da/kunstuddannelse/kunst-for-boern">BØRNENES KUNSTKLUB LYSTFISKERI</a> </strong>&#8211; Med kunstværker udelukkende af børn. <br />Kuratorer: børnene</p>



<h2 class="wp-block-heading has-text-color has-link-color has-large-font-size wp-elements-97de862e437d987c547c8f6d9d7a10ee" style="color:#e62321"><strong>KUNSTUDDANNELSE</strong></h2>

<p class="has-medium-font-size">Den 20. oktober afholdes en <strong><a href="https://www.kunstfuerangeln.de/da/kunstuddannelse/vaerksteder">workshop for børn</a> </strong>med kunstneren Nele Engler fandt sted den 20. oktober.<br /></p>

<h2 class="wp-block-heading has-text-color has-link-color has-large-font-size wp-elements-1b1c1bcff275b86f769dae4077addb77" style="color:#e62321"><strong>HELE ÅRET</strong></h2>

<p class="has-medium-font-size">Udlån af kunstværker til skoler og daginstitutioner i Angeln:</p>

<p class="has-medium-font-size"><strong>Kaj-Munk-Skole, Kappeln  </strong></p>

<p class="has-medium-font-size"><strong>Nordlicht Skole Süderbrarup  </strong></p>

<p class="has-medium-font-size"><strong>Ev. daginstitution Flensborg</strong><br /><strong><br />Protestantisk daginstitution Scheggerott </strong><br /><br /><strong>Regnbue daginstitution Gelting</strong></p>



<hr class="wp-block-separator has-alpha-channel-opacity"/>

<h2 class="wp-block-heading has-text-color has-link-color has-large-font-size wp-elements-9826166b9df3662fd6a22d831f8d4e5e" style="color:#e62321"><strong>TIL</strong> <a href="https://www.kunstfuerangeln.de/da/program-2026">FREMTIDSUDSIGTER 2025</a></h2>

<p>Program 2024 UDSTILLINGER Netop færdig: den store efterårsudstilling 2025 13. oktober til &#8211; 10. november: &#8220;Fotokunst &#8211; IKONEN der Fotokunst&#8220;Kuratorer: Timm Vollert og Ingrid Roosen-Trinks SamtidigFOTOPROJEKT 2024 / TYSK-DANSK VENSKAB: &#8220;Kunst til fiskeri: Kunsten overvinder grænserne Fotoprojekt 2024&#8220;Et fotoprojekt, hvor slesvig-holstenske og danske kunstnere og fotografer hver især søger en kreativ samarbejdspartner på den anden [&hellip;]</p>
