{"id":11156,"date":"2022-03-31T12:19:54","date_gmt":"2022-03-31T10:19:54","guid":{"rendered":"https:\/\/www.kunstfuerangeln.de\/kunstnereindenfor"},"modified":"2026-03-14T11:59:49","modified_gmt":"2026-03-14T10:59:49","slug":"kunstnereindenfor","status":"publish","type":"page","link":"https:\/\/www.kunstfuerangeln.de\/da\/samling\/kunstnereindenfor","title":{"rendered":"Kunstnere:indenfor"},"content":{"rendered":"\n<h1 class=\"wp-block-heading\">Kunstnere:indenfor<\/h1>\n\n<div style=\"height:26px\" aria-hidden=\"true\" class=\"wp-block-spacer\"><\/div>\n\n<h2 class=\"wp-block-heading\">V\u00e6rker af f\u00f8lgende kunstnere OG KUNSTNERE findes i samlingen:<\/h2>\n\n<div class=\"wp-block-columns is-layout-flex wp-container-core-columns-is-layout-9d6595d7 wp-block-columns-is-layout-flex\">\n<div class=\"wp-block-column is-layout-flow wp-block-column-is-layout-flow\">\n<p>Slim Aarons<\/p>\n\n\n\n<p>Ansel Adams<\/p>\n\n\n\n<p>Brian Alfred<\/p>\n\n\n\n<p>Frederik Albrecht  <\/p>\n\n\n\n<p>Nina Backman<\/p>\n\n\n\n<p>Eduard Bagheer<\/p>\n\n\n\n<p>Stefan Balkenhol<\/p>\n\n\n\n<p>Heike Kati Barath<\/p>\n\n\n\n<p>Tine Bay L\u00fchrssen<\/p>\n\n\n\n<p>Tj\u00f8rg Douglas Beer<\/p>\n\n\n\n<p>Henrik Becker<\/p>\n\n\n\n<p>Maria Berking<\/p>\n\n\n\n<p>Thore Bernstein<\/p>\n\n\n\n<p>Julius von Bismarck<\/p>\n\n\n\n<p>Viktoria Binschtok<\/p>\n\n\n\n<p>Sofie Bird M\u00f8ller<\/p>\n\n\n\n<p>Rasmus Bj\u00f8rn<\/p>\n\n\n\n<p>Emmanuel Bornstein<\/p>\n\n\n\n<p>Brian Bress<\/p>\n\n\n\n<p>Thorsten Brinkmann<\/p>\n\n\n\n<p>Margarita Broich<\/p>\n\n\n\n<p>Antje Bromma<\/p>\n\n\n\n<p>Marcel B\u00fchler<\/p>\n\n\n\n<p>Justin Cooper<\/p>\n\n\n\n<p>Sebastian Copeland<\/p>\n\n\n\n<p>Stephen Craig<\/p>\n\n\n\n<p>Julius Deutschbauer<\/p>\n\n\n\n<p>Tobias Duwe<\/p>\n\n\n\n<p>Eva &amp; Adele<\/p>\n\n\n\n<p>Ernst Eitner<\/p>\n\n\n\n<p>Walker Evans<\/p>\n\n\n\n<p>Hans Feldmann<\/p>\n\n\n\n<p>Arthur Fischer<\/p>\n\n\n\n<p>Charles Fr\u00e9ger<\/p>\n\n\n\n<p>Klaus Fu\u00dfmann<\/p>\n\n\n\n<p>Ramiro Gomez<\/p>\n\n\n\n<p>Greg Gorman<\/p>\n\n\n\n<p>Anthony Gormley<\/p>\n\n\n\n<p>T.M. Glas<\/p>\n\n\n\n<p>Thomas Glassford<\/p>\n\n\n\n<p>Beate G\u00fctschow<\/p>\n\n\n\n<p>Lennart gr\u00e5<\/p>\n\n\n\n<p>Willem Grimm<\/p>\n<\/div>\n\n\n\n<div class=\"wp-block-column is-layout-flow wp-block-column-is-layout-flow\">\n<p>Roswitha Hecke<\/p>\n\n\n\n<p>Matt Hennek<\/p>\n\n\n\n<p>Thomas Herbst<\/p>\n\n\n\n<p>Matt Merkel Hess<\/p>\n\n\n\n<p>Jane Hilton<\/p>\n\n\n\n<p>Stefan Hirsig<\/p>\n\n\n\n<p>Carsten H\u00f6ller<\/p>\n\n\n\n<p>Nicole Hollmann<\/p>\n\n\n\n<p>Dennis Hopper<\/p>\n\n\n\n<p>Stefan Huber<\/p>\n\n\n\n<p>Elmar Jacob<\/p>\n\n\n\n<p>Katrin Kampmann<\/p>\n\n\n\n<p>Jesper Kristiansen<\/p>\n\n\n\n<p>Alexandra K\u00fcrtz<\/p>\n\n\n\n<p>Daniel Lergon<\/p>\n\n\n\n<p>Via Lewandowski<\/p>\n\n\n\n<p>Herbert List<\/p>\n\n\n\n<p>Robert Lucander<\/p>\n\n\n\n<p>Thomas Lunau<\/p>\n\n\n\n<p>Rupprecht Matthies<\/p>\n\n\n\n<p>Oliver Mark<\/p>\n\n\n\n<p>Bj\u00f8rn Melhus<\/p>\n\n\n\n<p>Jes Mogensen<\/p>\n\n\n\n<p>Daniel Mohr<\/p>\n\n\n\n<p>Lazl\u00f3 Moholy-Nagy<\/p>\n\n\n\n<p>Sofie Bird M\u00f8ller<\/p>\n\n\n\n<p>Jonathan Monk<\/p>\n\n\n\n<p>Andreas M\u00fche<\/p>\n\n\n\n<p>Takashi Murakami<\/p>\n\n\n\n<p>Yoshimoto Nara  <\/p>\n\n\n\n<p>Jennie Ottinger<\/p>\n\n\n\n<p>Gustav Peichl<\/p>\n\n\n\n<p>Maria og Natalia Petschatnikov<\/p>\n\n\n\n<p>Peter Pewas<\/p>\n\n\n\n<p>Richard Phillips<\/p>\n\n\n\n<p>Peter Piller<\/p>\n\n\n\n<p>Lisl Ponger<\/p>\n\n\n\n<p>Frank Roeseler<\/p>\n\n\n\n<p>Gideon Rubin<\/p>\n\n\n\n<p>Christoph Ruckh\u00e4berle<\/p>\n\n\n\n<p>Thomas Ruff<\/p>\n\n\n\n<p>Tom Sachs<\/p>\n\n\n\n<p>Max Scheler<\/p>\n<\/div>\n\n\n\n<div class=\"wp-block-column is-layout-flow wp-block-column-is-layout-flow\">\n<p>Christian Schmidt-Rasmussen<\/p>\n\n\n\n<p>Georg Schulz<\/p>\n\n\n\n<p>Alfred Seiland<\/p>\n\n\n\n<p>Wiebke Siem<\/p>\n\n\n\n<p>Andreas Slominski<\/p>\n\n\n\n<p>Berndnaut Smilde<\/p>\n\n\n\n<p>Kate Sparrow<\/p>\n\n\n\n<p>Daniel Spoerri<\/p>\n\n\n\n<p>Frank Suplie<\/p>\n\n\n\n<p>Christopher Thomas<\/p>\n\n\n\n<p>Dan Thuesen<\/p>\n\n\n\n<p>Maria Thurn og Taxis<\/p>\n\n\n\n<p>Malte Urbschat<\/p>\n\n\n\n<p>Carol Wates<\/p>\n\n\n\n<p>Cerith Wyn Evans<\/p>\n\n\n\n<p>Athena Vida (f\u00f8dt som\/tidligere kendt som Gitte Sch\u00e4fer)<\/p>\n\n\n\n<p>Robert Voit<\/p>\n\n\n\n<p>Sahar Zukerman<\/p>\n\n\n\n<p>(\u2026)<\/p>\n<\/div>\n<\/div>\n","protected":false},"excerpt":{"rendered":"<p>Kunstnere:indenfor V\u00e6rker af f\u00f8lgende kunstnere OG KUNSTNERE findes i samlingen: Slim Aarons Ansel Adams Brian Alfred Frederik Albrecht Nina Backman Eduard Bagheer Stefan Balkenhol Heike Kati Barath Tine Bay L\u00fchrssen Tj\u00f8rg Douglas Beer Henrik Becker Maria Berking Thore Bernstein Julius von Bismarck Viktoria Binschtok Sofie Bird M\u00f8ller Rasmus Bj\u00f8rn Emmanuel Bornstein Brian Bress Thorsten Brinkmann [&hellip;]<\/p>\n","protected":false},"author":1,"featured_media":0,"parent":11471,"menu_order":0,"comment_status":"closed","ping_status":"closed","template":"","meta":{"_acf_changed":false,"footnotes":""},"class_list":["post-11156","page","type-page","status-publish","hentry"],"acf":[],"_links":{"self":[{"href":"https:\/\/www.kunstfuerangeln.de\/da\/wp-json\/wp\/v2\/pages\/11156","targetHints":{"allow":["GET"]}}],"collection":[{"href":"https:\/\/www.kunstfuerangeln.de\/da\/wp-json\/wp\/v2\/pages"}],"about":[{"href":"https:\/\/www.kunstfuerangeln.de\/da\/wp-json\/wp\/v2\/types\/page"}],"author":[{"embeddable":true,"href":"https:\/\/www.kunstfuerangeln.de\/da\/wp-json\/wp\/v2\/users\/1"}],"replies":[{"embeddable":true,"href":"https:\/\/www.kunstfuerangeln.de\/da\/wp-json\/wp\/v2\/comments?post=11156"}],"version-history":[{"count":1,"href":"https:\/\/www.kunstfuerangeln.de\/da\/wp-json\/wp\/v2\/pages\/11156\/revisions"}],"predecessor-version":[{"id":11167,"href":"https:\/\/www.kunstfuerangeln.de\/da\/wp-json\/wp\/v2\/pages\/11156\/revisions\/11167"}],"up":[{"embeddable":true,"href":"https:\/\/www.kunstfuerangeln.de\/da\/wp-json\/wp\/v2\/pages\/11471"}],"wp:attachment":[{"href":"https:\/\/www.kunstfuerangeln.de\/da\/wp-json\/wp\/v2\/media?parent=11156"}],"curies":[{"name":"wp","href":"https:\/\/api.w.org\/{rel}","templated":true}]}}

<h1 class="wp-block-heading">Kunstnere:indenfor</h1>

<div style="height:26px" aria-hidden="true" class="wp-block-spacer"></div>

<h2 class="wp-block-heading">Værker af følgende kunstnere OG KUNSTNERE findes i samlingen:</h2>

<div class="wp-block-columns is-layout-flex wp-container-core-columns-is-layout-9d6595d7 wp-block-columns-is-layout-flex">
<div class="wp-block-column is-layout-flow wp-block-column-is-layout-flow">
<p>Slim Aarons</p>



<p>Ansel Adams</p>



<p>Brian Alfred</p>



<p>Frederik Albrecht  </p>



<p>Nina Backman</p>



<p>Eduard Bagheer</p>



<p>Stefan Balkenhol</p>



<p>Heike Kati Barath</p>



<p>Tine Bay Lührssen</p>



<p>Tjørg Douglas Beer</p>



<p>Henrik Becker</p>



<p>Maria Berking</p>



<p>Thore Bernstein</p>



<p>Julius von Bismarck</p>



<p>Viktoria Binschtok</p>



<p>Sofie Bird Møller</p>



<p>Rasmus Bjørn</p>



<p>Emmanuel Bornstein</p>



<p>Brian Bress</p>



<p>Thorsten Brinkmann</p>



<p>Margarita Broich</p>



<p>Antje Bromma</p>



<p>Marcel Bühler</p>



<p>Justin Cooper</p>



<p>Sebastian Copeland</p>



<p>Stephen Craig</p>



<p>Julius Deutschbauer</p>



<p>Tobias Duwe</p>



<p>Eva &amp; Adele</p>



<p>Ernst Eitner</p>



<p>Walker Evans</p>



<p>Hans Feldmann</p>



<p>Arthur Fischer</p>



<p>Charles Fréger</p>



<p>Klaus Fußmann</p>



<p>Ramiro Gomez</p>



<p>Greg Gorman</p>



<p>Anthony Gormley</p>



<p>T.M. Glas</p>



<p>Thomas Glassford</p>



<p>Beate Gütschow</p>



<p>Lennart grå</p>



<p>Willem Grimm</p>
</div>



<div class="wp-block-column is-layout-flow wp-block-column-is-layout-flow">
<p>Roswitha Hecke</p>



<p>Matt Hennek</p>



<p>Thomas Herbst</p>



<p>Matt Merkel Hess</p>



<p>Jane Hilton</p>



<p>Stefan Hirsig</p>



<p>Carsten Höller</p>



<p>Nicole Hollmann</p>



<p>Dennis Hopper</p>



<p>Stefan Huber</p>



<p>Elmar Jacob</p>



<p>Katrin Kampmann</p>



<p>Jesper Kristiansen</p>



<p>Alexandra Kürtz</p>



<p>Daniel Lergon</p>



<p>Via Lewandowski</p>



<p>Herbert List</p>



<p>Robert Lucander</p>



<p>Thomas Lunau</p>



<p>Rupprecht Matthies</p>



<p>Oliver Mark</p>



<p>Bjørn Melhus</p>



<p>Jes Mogensen</p>



<p>Daniel Mohr</p>



<p>Lazló Moholy-Nagy</p>



<p>Sofie Bird Møller</p>



<p>Jonathan Monk</p>



<p>Andreas Mühe</p>



<p>Takashi Murakami</p>



<p>Yoshimoto Nara  </p>



<p>Jennie Ottinger</p>



<p>Gustav Peichl</p>



<p>Maria og Natalia Petschatnikov</p>



<p>Peter Pewas</p>



<p>Richard Phillips</p>



<p>Peter Piller</p>



<p>Lisl Ponger</p>



<p>Frank Roeseler</p>



<p>Gideon Rubin</p>



<p>Christoph Ruckhäberle</p>



<p>Thomas Ruff</p>



<p>Tom Sachs</p>



<p>Max Scheler</p>
</div>



<div class="wp-block-column is-layout-flow wp-block-column-is-layout-flow">
<p>Christian Schmidt-Rasmussen</p>



<p>Georg Schulz</p>



<p>Alfred Seiland</p>



<p>Wiebke Siem</p>



<p>Andreas Slominski</p>



<p>Berndnaut Smilde</p>



<p>Kate Sparrow</p>



<p>Daniel Spoerri</p>



<p>Frank Suplie</p>



<p>Christopher Thomas</p>



<p>Dan Thuesen</p>



<p>Maria Thurn og Taxis</p>



<p>Malte Urbschat</p>



<p>Carol Wates</p>



<p>Cerith Wyn Evans</p>



<p>Athena Vida (født som/tidligere kendt som Gitte Schäfer)</p>



<p>Robert Voit</p>



<p>Sahar Zukerman</p>



<p>(…)</p>
</div>
</div>

<p>Kunstnere:indenfor Værker af følgende kunstnere OG KUNSTNERE findes i samlingen: Slim Aarons Ansel Adams Brian Alfred Frederik Albrecht Nina Backman Eduard Bagheer Stefan Balkenhol Heike Kati Barath Tine Bay Lührssen Tjørg Douglas Beer Henrik Becker Maria Berking Thore Bernstein Julius von Bismarck Viktoria Binschtok Sofie Bird Møller Rasmus Bjørn Emmanuel Bornstein Brian Bress Thorsten Brinkmann [&hellip;]</p>
