{"id":11178,"date":"2022-10-11T17:07:37","date_gmt":"2022-10-11T15:07:37","guid":{"rendered":"https:\/\/www.kunstfuerangeln.de\/kunsten-overvinder-graenserne"},"modified":"2026-03-14T11:58:09","modified_gmt":"2026-03-14T10:58:09","slug":"kunsten-overvinder-graenserne","status":"publish","type":"page","link":"https:\/\/www.kunstfuerangeln.de\/da\/kunsten-overvinder-graenserne","title":{"rendered":"KUNSTEN OVERVINDER GR\u00c6NSERNE"},"content":{"rendered":"\n<h1 class=\"wp-block-heading alignwide has-text-align-left\">KUNSTEN OVERVINDER GR\u00c6NSERNE<\/h1>\n\n <div id=\"slide-block_5bb2eb4fcb1e0024382e0c0adae20f1b\" class=\"swiper-slide slide alignfull\">\n    \n\n<div class=\"wp-block-cover alignwide is-light has-custom-content-position is-position-top-left\"><span aria-hidden=\"true\" class=\"wp-block-cover__background has-background-dim-0 has-background-dim\"><\/span><img loading=\"lazy\" decoding=\"async\" width=\"2560\" height=\"893\" class=\"wp-block-cover__image-background wp-image-3387\" alt=\"\" src=\"https:\/\/www.kunstfuerangeln.de\/wp-content\/uploads\/2023\/04\/aobD1.jpg\" style=\"object-position:6% 4%\" data-object-fit=\"cover\" data-object-position=\"6% 4%\" srcset=\"https:\/\/www.kunstfuerangeln.de\/wp-content\/uploads\/2023\/04\/aobD1.jpg 2560w, https:\/\/www.kunstfuerangeln.de\/wp-content\/uploads\/2023\/04\/aobD1-300x105.jpg 300w, https:\/\/www.kunstfuerangeln.de\/wp-content\/uploads\/2023\/04\/aobD1-1024x357.jpg 1024w, https:\/\/www.kunstfuerangeln.de\/wp-content\/uploads\/2023\/04\/aobD1-768x268.jpg 768w, https:\/\/www.kunstfuerangeln.de\/wp-content\/uploads\/2023\/04\/aobD1-1536x536.jpg 1536w, https:\/\/www.kunstfuerangeln.de\/wp-content\/uploads\/2023\/04\/aobD1-2048x714.jpg 2048w\" sizes=\"auto, (max-width: 2560px) 100vw, 2560px\" \/><div class=\"wp-block-cover__inner-container is-layout-flow wp-block-cover-is-layout-flow\">\n<div class=\"wp-block-group alignwide\"><div class=\"wp-block-group__inner-container is-layout-flow wp-block-group-is-layout-flow\"><\/div><\/div>\n<\/div><\/div>\n\n<\/div>\n\n\n\n<h2 class=\"wp-block-heading has-x-large-font-size\">KUNSTEN OVERVINDER GR\u00c6NSERNE<\/h2>\n\n<p>Den store udstilling ART OVERCOMES BOUNDARIES med kunstnere fra Danmark og Slesvig-Holsten sluttede den 14. maj 2023.<\/p>\n\n<p>I 2022 er det 25 \u00e5r siden, at kredsene Nordfriesland og Slesvig-Flensborg\/Angeln samt byen Flensborg underskrev den f\u00f8rste samarbejdsaftale med S\u00f8nderjyllands Amt. Det konstituerende m\u00f8de for Region S\u00f8nderjylland-Schleswig fandt sted i september 1997. <\/p>\n\n<p>Der blev underskrevet en aftale, hvor medlemmerne forpligtede sig til at &#8220;gennemf\u00f8re f\u00e6lles aktiviteter, der fremmer udviklingen i regionen, og samtidig etablere t\u00e6ttere kontakter mellem befolkningen, erhvervslivet og foreningerne p\u00e5 begge sider af gr\u00e6nsen samt at intensivere samarbejdet p\u00e5 tv\u00e6rs af gr\u00e6nsen&#8221;.<\/p>\n\n<p id=\"fahne-projekt\">Siden stiftelsen i 2022 har foreningen KUNST F\u00dcR ANGELN e.V. derfor v\u00e6ret engageret i at st\u00f8tte og styrke forbindelser og venskaber med Danmark gennem kunstsamarbejder og kunstudstillinger. Med kunstnere og musikere fra Danmark og Tyskland gennem udstillinger, workshops, sociale projekter og musikfestivaler p\u00e5 Wittkielhof i Schlei-regionen i Slesvig-Holsten.<br \/>Dette omfatter ogs\u00e5 programmer for b\u00f8rn, skoleb\u00f8rn og \u00e6ldre fra Schleswig-Flensburg-regionen.<br \/>Et initiativ fra foreningen KUNST F\u00dcR ANGELN e.V. &#8211; med elever fra Bernstorff-Gymnasium Satrup i Angeln og \u00e6ldre borgere fra S\u00f8nderjylland &#8211; blev lanceret i oktober 2022. Sammen lancerede de pilotprojektet &#8220;ART OVERCOMES BOUNDARIES&#8221;, som vil blive videref\u00f8rt og udvidet i april 2023.<br \/>Kunstv\u00e6rker af kunstnere fra Danmark og Slesvig-Holsten, som alle er repr\u00e6senteret med v\u00e6rker i Roosen-Trinks-samlingen, blev udstillet p\u00e5 Wittkielhof af foreningen KUNST F\u00dcR ANGELN e.V.<br \/>Fra april 2023 oplevede \u00e6ldre borgere og elever fra Angeln udstillingen sammen, l\u00e6rte kunstnerne personligt at kende og udvekslede ideer om kunstoplevelsen p\u00e5 stedet.  <\/p>\n\n<p class=\"has-medium-font-size\" id=\"fahne-projekt\">I alt bes\u00f8gte over 1000 kunstelskere udstillingen!<\/p>\n\n<p>Pilotprojektet startede i S\u00f8nderborg i begyndelsen af oktober 2022 med en udflugt til en tysk\/dansk kunstudstilling p\u00e5 S\u00f8nderborg Kunstskole under ledelse af kunstneren Thomas Lunau og sluttede i slutningen af oktober med et bes\u00f8g p\u00e5 Roosen-Trinks-samlingen p\u00e5 WITTKIELHOF i Angeln, hvor der var en eksklusiv fernisering med kunstv\u00e6rker af kunstnere fra Danmark og Slesvig-Holsten.  <\/p>\n\n<p>Denne udstilling var en forsmag p\u00e5, hvad der vil blive vist i april 2023 af foreningen KUNST F\u00dcR ANGELN e.V. p\u00e5 WITTKIELHOF.<\/p>\n\n<p>I alt omkring 100 kunstv\u00e6rker &#8211; fra malerier til fotografier, collager og skulpturer &#8211; blev udstillet af i alt 30 kunstnere.<\/p>\n\n<p>Nogle af de udstillede v\u00e6rker besk\u00e6ftiger sig med emner, der grundl\u00e6ggende bestemmer vores nuv\u00e6rende hverdag, s\u00e5som milj\u00f8bevidsthed, b\u00e6redygtighed og modstandskraft.<\/p>\n\n<p>Kunst kr\u00e6ver og n\u00e6res af kreativitet.<\/p>\n\n<p>I udstillingen ART OVERCOMES BOUNDARIES 2023 har kunstnere brugt deres kunst til at vise, hvordan vi kan overvinde gr\u00e6nserne for vores t\u00e6nkning. Kunstnerne g\u00e5r nye veje, frig\u00f8r os fra eksisterende tankestrukturer og m\u00f8nstre og s\u00e6tter os i stand til at t\u00e6nke p\u00e5 nye m\u00e5der. Ved hj\u00e6lp af milj\u00f8venlige, genanvendelige materialer og fremtidsorienteret indhold.  <\/p>\n\n<p>Hvis man sp\u00f8rger kunstnere, om vores planet kan reddes, siger de fleste af dem JA.<\/p>\n\n<p><strong>Joseph Beuys sagde allerede: &#8220;Kun kunst kan \u00e6ndre livet&#8221;.<\/strong><\/p>\n\n\n\n<div class=\"wp-block-columns is-layout-flex wp-container-core-columns-is-layout-9d6595d7 wp-block-columns-is-layout-flex\">\n<div class=\"wp-block-column is-layout-flow wp-block-column-is-layout-flow\">\n<p>ART OVERCOMES BOUNDARIES<br \/>16.4.2023 &#8211; 14.5.2023<br \/><a href=\"https:\/\/www.kunstfuerangeln.de\/wp-content\/uploads\/2023\/02\/Pressemitteilung-3_2_23.pdf\" target=\"_blank\" rel=\"noreferrer noopener\">Pressemeddelelse tysk &#8211; PDF<\/a><\/p>\n<\/div>\n\n\n\n<div class=\"wp-block-column is-layout-flow wp-block-column-is-layout-flow\">\n<p>ART OVERCOMES BOUNDARIES<br \/>16. april 2023 til 14. maj 2023<br \/><a href=\"https:\/\/www.kunstfuerangeln.de\/wp-content\/uploads\/2023\/02\/Press-release-3_2_23.pdf\" target=\"_blank\" rel=\"noreferrer noopener\">Pressemeddelelse engelsk &#8211; PDF<\/a><\/p>\n<\/div>\n<\/div>\n\n<div class=\"wp-block-columns is-layout-flex wp-container-core-columns-is-layout-9d6595d7 wp-block-columns-is-layout-flex\">\n<div class=\"wp-block-column is-layout-flow wp-block-column-is-layout-flow\" style=\"flex-basis:66.66%\">\n<figure class=\"wp-block-embed is-type-rich is-provider-handler-einbetten wp-block-embed-handler-einbetten wp-embed-aspect-16-9 wp-has-aspect-ratio\"><div class=\"wp-block-embed__wrapper\">\n<iframe loading=\"lazy\" title=\"er\u00f6ffnung 23\" width=\"500\" height=\"281\" src=\"https:\/\/www.youtube.com\/embed\/y7-Jl0zaSgI?feature=oembed\" frameborder=\"0\" allow=\"accelerometer; autoplay; clipboard-write; encrypted-media; gyroscope; picture-in-picture; web-share\" referrerpolicy=\"strict-origin-when-cross-origin\" allowfullscreen><\/iframe>\n<\/div><\/figure>\n<\/div>\n\n\n\n<div class=\"wp-block-column is-layout-flow wp-block-column-is-layout-flow\" style=\"flex-basis:33.33%\">\n<p>Video af \u00e5bningen <br \/>den 16. april 2023.<br \/>En film af Leonard Diaz, Kira Eggert, Ibrahim Khodor og Jennifer S. Petersen.<\/p>\n<\/div>\n<\/div>\n\n<hr class=\"wp-block-separator has-alpha-channel-opacity\"\/>\n\n<h2 class=\"wp-block-heading\">Liste over kunstnere:<\/h2>\n\n<div class=\"wp-block-columns is-layout-flex wp-container-core-columns-is-layout-9d6595d7 wp-block-columns-is-layout-flex\">\n<div class=\"wp-block-column is-layout-flow wp-block-column-is-layout-flow\">\n<p>Frederik Albrecht (DK)<\/p>\n\n\n\n<p>Henrik Becker (D)<\/p>\n\n\n\n<p>Maria Berking (D)<\/p>\n\n\n\n<p>Thore Bernstein (D)<\/p>\n\n\n\n<p>Rasmus Bj\u00f8rn (DK)<\/p>\n\n\n\n<p>  Stephen Craig (D)<\/p>\n\n\n\n<p>Tobias Duwe (D)<\/p>\n\n\n\n<p>Klaus Fu\u00dfmann (D)<\/p>\n\n\n\n<p>Elmar Jacob (D)<\/p>\n\n\n\n<p>Stine Marie Jacobsen (DK)<\/p>\n\n\n\n<p>Jesper Kristiansen (DK)<\/p>\n\n\n\n<p>  Anne Lass (DK)<\/p>\n\n\n\n<p>Tine Bay L\u00fcrssen (DK)<\/p>\n\n\n\n<p>Thomas Lunau (DK)<\/p>\n\n\n\n<p>Sofie Bird M\u00f8ller (DK)<\/p>\n\n\n\n<p>Jes Mogensen (DK)<\/p>\n\n\n\n<p>Camillo Ritter (D)<\/p>\n\n\n\n<p>Christian Schmidt- Rasmussen (DK)<\/p>\n\n\n\n<p>Sonja Schmidt (D)<\/p>\n\n\n\n<p>Frank Suplie (D)<\/p>\n\n\n\n<p>  Dan Thuesen (DK)<\/p>\n\n\n\n<p>  Malte Urbschat (D)<\/p>\n<\/div>\n\n\n\n<div class=\"wp-block-column is-layout-flow wp-block-column-is-layout-flow\">\n\n<\/div>\n<\/div>\n","protected":false},"excerpt":{"rendered":"<p>KUNSTEN OVERVINDER GR\u00c6NSERNE KUNSTEN OVERVINDER GR\u00c6NSERNE Den store udstilling ART OVERCOMES BOUNDARIES med kunstnere fra Danmark og Slesvig-Holsten sluttede den 14. maj 2023. I 2022 er det 25 \u00e5r siden, at kredsene Nordfriesland og Slesvig-Flensborg\/Angeln samt byen Flensborg underskrev den f\u00f8rste samarbejdsaftale med S\u00f8nderjyllands Amt. Det konstituerende m\u00f8de for Region S\u00f8nderjylland-Schleswig fandt sted i september [&hellip;]<\/p>\n","protected":false},"author":7,"featured_media":0,"parent":0,"menu_order":0,"comment_status":"closed","ping_status":"closed","template":"","meta":{"_acf_changed":false,"footnotes":""},"class_list":["post-11178","page","type-page","status-publish","hentry"],"acf":[],"_links":{"self":[{"href":"https:\/\/www.kunstfuerangeln.de\/da\/wp-json\/wp\/v2\/pages\/11178","targetHints":{"allow":["GET"]}}],"collection":[{"href":"https:\/\/www.kunstfuerangeln.de\/da\/wp-json\/wp\/v2\/pages"}],"about":[{"href":"https:\/\/www.kunstfuerangeln.de\/da\/wp-json\/wp\/v2\/types\/page"}],"author":[{"embeddable":true,"href":"https:\/\/www.kunstfuerangeln.de\/da\/wp-json\/wp\/v2\/users\/7"}],"replies":[{"embeddable":true,"href":"https:\/\/www.kunstfuerangeln.de\/da\/wp-json\/wp\/v2\/comments?post=11178"}],"version-history":[{"count":1,"href":"https:\/\/www.kunstfuerangeln.de\/da\/wp-json\/wp\/v2\/pages\/11178\/revisions"}],"predecessor-version":[{"id":11179,"href":"https:\/\/www.kunstfuerangeln.de\/da\/wp-json\/wp\/v2\/pages\/11178\/revisions\/11179"}],"wp:attachment":[{"href":"https:\/\/www.kunstfuerangeln.de\/da\/wp-json\/wp\/v2\/media?parent=11178"}],"curies":[{"name":"wp","href":"https:\/\/api.w.org\/{rel}","templated":true}]}}

KUNSTEN OVERVINDER GRÆNSERNE

<h1 class="wp-block-heading alignwide has-text-align-left">KUNSTEN OVERVINDER GRÆNSERNE</h1>

 <div id="slide-block_5bb2eb4fcb1e0024382e0c0adae20f1b" class="swiper-slide slide alignfull">
    

<div class="wp-block-cover alignwide is-light has-custom-content-position is-position-top-left"><span aria-hidden="true" class="wp-block-cover__background has-background-dim-0 has-background-dim"></span><img loading="lazy" decoding="async" width="2560" height="893" class="wp-block-cover__image-background wp-image-3387" alt="" src="https://www.kunstfuerangeln.de/wp-content/uploads/2023/04/aobD1.jpg" style="object-position:6% 4%" data-object-fit="cover" data-object-position="6% 4%" srcset="https://www.kunstfuerangeln.de/wp-content/uploads/2023/04/aobD1.jpg 2560w, https://www.kunstfuerangeln.de/wp-content/uploads/2023/04/aobD1-300x105.jpg 300w, https://www.kunstfuerangeln.de/wp-content/uploads/2023/04/aobD1-1024x357.jpg 1024w, https://www.kunstfuerangeln.de/wp-content/uploads/2023/04/aobD1-768x268.jpg 768w, https://www.kunstfuerangeln.de/wp-content/uploads/2023/04/aobD1-1536x536.jpg 1536w, https://www.kunstfuerangeln.de/wp-content/uploads/2023/04/aobD1-2048x714.jpg 2048w" sizes="auto, (max-width: 2560px) 100vw, 2560px" /><div class="wp-block-cover__inner-container is-layout-flow wp-block-cover-is-layout-flow">
<div class="wp-block-group alignwide"><div class="wp-block-group__inner-container is-layout-flow wp-block-group-is-layout-flow"></div></div>
</div></div>

</div>



<h2 class="wp-block-heading has-x-large-font-size">KUNSTEN OVERVINDER GRÆNSERNE</h2>

<p>Den store udstilling ART OVERCOMES BOUNDARIES med kunstnere fra Danmark og Slesvig-Holsten sluttede den 14. maj 2023.</p>

<p>I 2022 er det 25 år siden, at kredsene Nordfriesland og Slesvig-Flensborg/Angeln samt byen Flensborg underskrev den første samarbejdsaftale med Sønderjyllands Amt. Det konstituerende møde for Region Sønderjylland-Schleswig fandt sted i september 1997. </p>

<p>Der blev underskrevet en aftale, hvor medlemmerne forpligtede sig til at &#8220;gennemføre fælles aktiviteter, der fremmer udviklingen i regionen, og samtidig etablere tættere kontakter mellem befolkningen, erhvervslivet og foreningerne på begge sider af grænsen samt at intensivere samarbejdet på tværs af grænsen&#8221;.</p>

<p id="fahne-projekt">Siden stiftelsen i 2022 har foreningen KUNST FÜR ANGELN e.V. derfor været engageret i at støtte og styrke forbindelser og venskaber med Danmark gennem kunstsamarbejder og kunstudstillinger. Med kunstnere og musikere fra Danmark og Tyskland gennem udstillinger, workshops, sociale projekter og musikfestivaler på Wittkielhof i Schlei-regionen i Slesvig-Holsten.<br />Dette omfatter også programmer for børn, skolebørn og ældre fra Schleswig-Flensburg-regionen.<br />Et initiativ fra foreningen KUNST FÜR ANGELN e.V. &#8211; med elever fra Bernstorff-Gymnasium Satrup i Angeln og ældre borgere fra Sønderjylland &#8211; blev lanceret i oktober 2022. Sammen lancerede de pilotprojektet &#8220;ART OVERCOMES BOUNDARIES&#8221;, som vil blive videreført og udvidet i april 2023.<br />Kunstværker af kunstnere fra Danmark og Slesvig-Holsten, som alle er repræsenteret med værker i Roosen-Trinks-samlingen, blev udstillet på Wittkielhof af foreningen KUNST FÜR ANGELN e.V.<br />Fra april 2023 oplevede ældre borgere og elever fra Angeln udstillingen sammen, lærte kunstnerne personligt at kende og udvekslede ideer om kunstoplevelsen på stedet.  </p>

<p class="has-medium-font-size" id="fahne-projekt">I alt besøgte over 1000 kunstelskere udstillingen!</p>

<p>Pilotprojektet startede i Sønderborg i begyndelsen af oktober 2022 med en udflugt til en tysk/dansk kunstudstilling på Sønderborg Kunstskole under ledelse af kunstneren Thomas Lunau og sluttede i slutningen af oktober med et besøg på Roosen-Trinks-samlingen på WITTKIELHOF i Angeln, hvor der var en eksklusiv fernisering med kunstværker af kunstnere fra Danmark og Slesvig-Holsten.  </p>

<p>Denne udstilling var en forsmag på, hvad der vil blive vist i april 2023 af foreningen KUNST FÜR ANGELN e.V. på WITTKIELHOF.</p>

<p>I alt omkring 100 kunstværker &#8211; fra malerier til fotografier, collager og skulpturer &#8211; blev udstillet af i alt 30 kunstnere.</p>

<p>Nogle af de udstillede værker beskæftiger sig med emner, der grundlæggende bestemmer vores nuværende hverdag, såsom miljøbevidsthed, bæredygtighed og modstandskraft.</p>

<p>Kunst kræver og næres af kreativitet.</p>

<p>I udstillingen ART OVERCOMES BOUNDARIES 2023 har kunstnere brugt deres kunst til at vise, hvordan vi kan overvinde grænserne for vores tænkning. Kunstnerne går nye veje, frigør os fra eksisterende tankestrukturer og mønstre og sætter os i stand til at tænke på nye måder. Ved hjælp af miljøvenlige, genanvendelige materialer og fremtidsorienteret indhold.  </p>

<p>Hvis man spørger kunstnere, om vores planet kan reddes, siger de fleste af dem JA.</p>

<p><strong>Joseph Beuys sagde allerede: &#8220;Kun kunst kan ændre livet&#8221;.</strong></p>



<div class="wp-block-columns is-layout-flex wp-container-core-columns-is-layout-9d6595d7 wp-block-columns-is-layout-flex">
<div class="wp-block-column is-layout-flow wp-block-column-is-layout-flow">
<p>ART OVERCOMES BOUNDARIES<br />16.4.2023 &#8211; 14.5.2023<br /><a href="https://www.kunstfuerangeln.de/wp-content/uploads/2023/02/Pressemitteilung-3_2_23.pdf" target="_blank" rel="noreferrer noopener">Pressemeddelelse tysk &#8211; PDF</a></p>
</div>



<div class="wp-block-column is-layout-flow wp-block-column-is-layout-flow">
<p>ART OVERCOMES BOUNDARIES<br />16. april 2023 til 14. maj 2023<br /><a href="https://www.kunstfuerangeln.de/wp-content/uploads/2023/02/Press-release-3_2_23.pdf" target="_blank" rel="noreferrer noopener">Pressemeddelelse engelsk &#8211; PDF</a></p>
</div>
</div>

<div class="wp-block-columns is-layout-flex wp-container-core-columns-is-layout-9d6595d7 wp-block-columns-is-layout-flex">
<div class="wp-block-column is-layout-flow wp-block-column-is-layout-flow" style="flex-basis:66.66%">
<figure class="wp-block-embed is-type-rich is-provider-handler-einbetten wp-block-embed-handler-einbetten wp-embed-aspect-16-9 wp-has-aspect-ratio"><div class="wp-block-embed__wrapper">
<iframe loading="lazy" title="eröffnung 23" width="500" height="281" src="https://www.youtube.com/embed/y7-Jl0zaSgI?feature=oembed" frameborder="0" allow="accelerometer; autoplay; clipboard-write; encrypted-media; gyroscope; picture-in-picture; web-share" referrerpolicy="strict-origin-when-cross-origin" allowfullscreen></iframe>
</div></figure>
</div>



<div class="wp-block-column is-layout-flow wp-block-column-is-layout-flow" style="flex-basis:33.33%">
<p>Video af åbningen <br />den 16. april 2023.<br />En film af Leonard Diaz, Kira Eggert, Ibrahim Khodor og Jennifer S. Petersen.</p>
</div>
</div>

<hr class="wp-block-separator has-alpha-channel-opacity"/>

<h2 class="wp-block-heading">Liste over kunstnere:</h2>

<div class="wp-block-columns is-layout-flex wp-container-core-columns-is-layout-9d6595d7 wp-block-columns-is-layout-flex">
<div class="wp-block-column is-layout-flow wp-block-column-is-layout-flow">
<p>Frederik Albrecht (DK)</p>



<p>Henrik Becker (D)</p>



<p>Maria Berking (D)</p>



<p>Thore Bernstein (D)</p>



<p>Rasmus Bjørn (DK)</p>



<p>  Stephen Craig (D)</p>



<p>Tobias Duwe (D)</p>



<p>Klaus Fußmann (D)</p>



<p>Elmar Jacob (D)</p>



<p>Stine Marie Jacobsen (DK)</p>



<p>Jesper Kristiansen (DK)</p>



<p>  Anne Lass (DK)</p>



<p>Tine Bay Lürssen (DK)</p>



<p>Thomas Lunau (DK)</p>



<p>Sofie Bird Møller (DK)</p>



<p>Jes Mogensen (DK)</p>



<p>Camillo Ritter (D)</p>



<p>Christian Schmidt- Rasmussen (DK)</p>



<p>Sonja Schmidt (D)</p>



<p>Frank Suplie (D)</p>



<p>  Dan Thuesen (DK)</p>



<p>  Malte Urbschat (D)</p>
</div>



<div class="wp-block-column is-layout-flow wp-block-column-is-layout-flow">

</div>
</div>

<p>KUNSTEN OVERVINDER GRÆNSERNE KUNSTEN OVERVINDER GRÆNSERNE Den store udstilling ART OVERCOMES BOUNDARIES med kunstnere fra Danmark og Slesvig-Holsten sluttede den 14. maj 2023. I 2022 er det 25 år siden, at kredsene Nordfriesland og Slesvig-Flensborg/Angeln samt byen Flensborg underskrev den første samarbejdsaftale med Sønderjyllands Amt. Det konstituerende møde for Region Sønderjylland-Schleswig fandt sted i september [&hellip;]</p>
