{"id":11473,"date":"2022-03-08T15:08:11","date_gmt":"2022-03-08T14:08:11","guid":{"rendered":"https:\/\/www.kunstfuerangeln.de\/om-os"},"modified":"2026-03-14T12:00:51","modified_gmt":"2026-03-14T11:00:51","slug":"om-os","status":"publish","type":"page","link":"https:\/\/www.kunstfuerangeln.de\/da\/om-os","title":{"rendered":"Om os"},"content":{"rendered":"\n<h1 class=\"wp-block-heading\">Om os<\/h1>\n\n<div style=\"height:26px\" aria-hidden=\"true\" class=\"wp-block-spacer\"><\/div>\n\n<div class=\"wp-block-columns is-layout-flex wp-container-core-columns-is-layout-9d6595d7 wp-block-columns-is-layout-flex\">\n<div class=\"wp-block-column is-layout-flow wp-block-column-is-layout-flow\">\n<p class=\"has-drop-cap is-style-default has-medium-font-size\"><em>Foreningen KUNST f\u00fcr ANGELN har til form\u00e5l at berige regionen med samtidskunst og aktivt inddrage lokalbefolkningen. Roosen-Trinks-samlingen skal ikke lande som en UFO &#8211; den skal ikke v\u00e6re et fremmedlegeme &#8211; i stedet \u00f8nsker vi gradvist at udvikle formater til regionen. Vi vil ogs\u00e5 arbejde sammen med kunstnere og kuratorer om at udvikle nye projekter. Men det handler stadig om m\u00f8der og dialog, som det tidligere var tilf\u00e6ldet i Berlin. Lige nu har vi brug for impulser fra kunstnere, der kan hj\u00e6lpe os med at m\u00e6rke os selv, ikke miste h\u00e5bet og m\u00e5ske endda klare en eller to udfordringer med humor. Jeg er klar til et nyt eventyr.<\/em><\/p>\n\n\n\n<p class=\"has-text-align-right is-style-vorspanntext\" style=\"font-size:16px\"><strong>Ingrid Roosen-Trinks<\/strong><\/p>\n<\/div>\n\n\n\n<div class=\"wp-block-column is-layout-flow wp-block-column-is-layout-flow\">\n<figure class=\"wp-block-image size-large\"><img loading=\"lazy\" decoding=\"async\" width=\"715\" height=\"1024\" src=\"https:\/\/www.kunstfuerangeln.de\/wp-content\/uploads\/2022\/03\/rt-1-715x1024.jpg\" alt=\"\" class=\"wp-image-235\" srcset=\"https:\/\/www.kunstfuerangeln.de\/wp-content\/uploads\/2022\/03\/rt-1-715x1024.jpg 715w, https:\/\/www.kunstfuerangeln.de\/wp-content\/uploads\/2022\/03\/rt-1-209x300.jpg 209w, https:\/\/www.kunstfuerangeln.de\/wp-content\/uploads\/2022\/03\/rt-1-768x1101.jpg 768w, https:\/\/www.kunstfuerangeln.de\/wp-content\/uploads\/2022\/03\/rt-1.jpg 776w\" sizes=\"auto, (max-width: 715px) 100vw, 715px\" \/><\/figure>\n<\/div>\n<\/div>\n\n<div style=\"height:30px\" aria-hidden=\"true\" class=\"wp-block-spacer\"><\/div>\n\n<div class=\"wp-block-columns is-layout-flex wp-container-core-columns-is-layout-9d6595d7 wp-block-columns-is-layout-flex\">\n<div class=\"wp-block-column is-layout-flow wp-block-column-is-layout-flow\">\n<figure class=\"wp-block-image size-large\"><img loading=\"lazy\" decoding=\"async\" width=\"2556\" height=\"2560\" src=\"https:\/\/www.kunstfuerangeln.de\/wp-content\/uploads\/2022\/03\/ueber-uns-edited-scaled.jpg\" alt=\"\" class=\"wp-image-302\" srcset=\"https:\/\/www.kunstfuerangeln.de\/wp-content\/uploads\/2022\/03\/ueber-uns-edited-scaled.jpg 2556w, https:\/\/www.kunstfuerangeln.de\/wp-content\/uploads\/2022\/03\/ueber-uns-edited-300x300.jpg 300w, https:\/\/www.kunstfuerangeln.de\/wp-content\/uploads\/2022\/03\/ueber-uns-edited-1022x1024.jpg 1022w, https:\/\/www.kunstfuerangeln.de\/wp-content\/uploads\/2022\/03\/ueber-uns-edited-150x150.jpg 150w, https:\/\/www.kunstfuerangeln.de\/wp-content\/uploads\/2022\/03\/ueber-uns-edited-768x769.jpg 768w, https:\/\/www.kunstfuerangeln.de\/wp-content\/uploads\/2022\/03\/ueber-uns-edited-1534x1536.jpg 1534w, https:\/\/www.kunstfuerangeln.de\/wp-content\/uploads\/2022\/03\/ueber-uns-edited-2045x2048.jpg 2045w\" sizes=\"auto, (max-width: 2556px) 100vw, 2556px\" \/><\/figure>\n<\/div>\n\n\n\n<div class=\"wp-block-column is-layout-flow wp-block-column-is-layout-flow\">\n<p class=\"has-drop-cap\"><em>Vi er glade for, at vi med foreningen KUNST f\u00fcr ANGELN e.V.  <\/em><br \/><em>og ROOSEN-TRINKS COLLECTION flytter samtidskunsten ind p\u00e5 den idylliske Wittkielhof i Angeln. G\u00e5rdspladsen fra det 19. \u00e5rhundrede tilbyder en unik scene for kunst. I l\u00f8bet af de sidste par \u00e5r har jeg renoveret den tresidede g\u00e5rdhave, som er typisk for regionen, og forvandlet den til et livligt sted, hvor folk kan m\u00f8des og hygge sig. Nu, hvor samlingen er flyttet ind, venter der os et helt nyt perspektiv: Kunsten forbinder de historiske bygninger med den store park og udfolder sin fulde effekt. Vi h\u00e5ber p\u00e5 mange berigende \u00f8jeblikke og m\u00f8der i en s\u00e6rlig atmosf\u00e6re &#8211; med appel til hele regionen.<\/em><\/p>\n\n\n\n<p><strong>Heinrich Nissen, ejer af Wittkielhof<\/strong><\/p>\n<\/div>\n<\/div>\n","protected":false},"excerpt":{"rendered":"<p>Om os Foreningen KUNST f\u00fcr ANGELN har til form\u00e5l at berige regionen med samtidskunst og aktivt inddrage lokalbefolkningen. Roosen-Trinks-samlingen skal ikke lande som en UFO &#8211; den skal ikke v\u00e6re et fremmedlegeme &#8211; i stedet \u00f8nsker vi gradvist at udvikle formater til regionen. Vi vil ogs\u00e5 arbejde sammen med kunstnere og kuratorer om at udvikle [&hellip;]<\/p>\n","protected":false},"author":1,"featured_media":0,"parent":0,"menu_order":5,"comment_status":"closed","ping_status":"closed","template":"","meta":{"_acf_changed":false,"footnotes":""},"class_list":["post-11473","page","type-page","status-publish","hentry"],"acf":[],"_links":{"self":[{"href":"https:\/\/www.kunstfuerangeln.de\/da\/wp-json\/wp\/v2\/pages\/11473","targetHints":{"allow":["GET"]}}],"collection":[{"href":"https:\/\/www.kunstfuerangeln.de\/da\/wp-json\/wp\/v2\/pages"}],"about":[{"href":"https:\/\/www.kunstfuerangeln.de\/da\/wp-json\/wp\/v2\/types\/page"}],"author":[{"embeddable":true,"href":"https:\/\/www.kunstfuerangeln.de\/da\/wp-json\/wp\/v2\/users\/1"}],"replies":[{"embeddable":true,"href":"https:\/\/www.kunstfuerangeln.de\/da\/wp-json\/wp\/v2\/comments?post=11473"}],"version-history":[{"count":1,"href":"https:\/\/www.kunstfuerangeln.de\/da\/wp-json\/wp\/v2\/pages\/11473\/revisions"}],"predecessor-version":[{"id":11474,"href":"https:\/\/www.kunstfuerangeln.de\/da\/wp-json\/wp\/v2\/pages\/11473\/revisions\/11474"}],"wp:attachment":[{"href":"https:\/\/www.kunstfuerangeln.de\/da\/wp-json\/wp\/v2\/media?parent=11473"}],"curies":[{"name":"wp","href":"https:\/\/api.w.org\/{rel}","templated":true}]}}

<h1 class="wp-block-heading">Om os</h1>

<div style="height:26px" aria-hidden="true" class="wp-block-spacer"></div>

<div class="wp-block-columns is-layout-flex wp-container-core-columns-is-layout-9d6595d7 wp-block-columns-is-layout-flex">
<div class="wp-block-column is-layout-flow wp-block-column-is-layout-flow">
<p class="has-drop-cap is-style-default has-medium-font-size"><em>Foreningen KUNST für ANGELN har til formål at berige regionen med samtidskunst og aktivt inddrage lokalbefolkningen. Roosen-Trinks-samlingen skal ikke lande som en UFO &#8211; den skal ikke være et fremmedlegeme &#8211; i stedet ønsker vi gradvist at udvikle formater til regionen. Vi vil også arbejde sammen med kunstnere og kuratorer om at udvikle nye projekter. Men det handler stadig om møder og dialog, som det tidligere var tilfældet i Berlin. Lige nu har vi brug for impulser fra kunstnere, der kan hjælpe os med at mærke os selv, ikke miste håbet og måske endda klare en eller to udfordringer med humor. Jeg er klar til et nyt eventyr.</em></p>



<p class="has-text-align-right is-style-vorspanntext" style="font-size:16px"><strong>Ingrid Roosen-Trinks</strong></p>
</div>



<div class="wp-block-column is-layout-flow wp-block-column-is-layout-flow">
<figure class="wp-block-image size-large"><img loading="lazy" decoding="async" width="715" height="1024" src="https://www.kunstfuerangeln.de/wp-content/uploads/2022/03/rt-1-715x1024.jpg" alt="" class="wp-image-235" srcset="https://www.kunstfuerangeln.de/wp-content/uploads/2022/03/rt-1-715x1024.jpg 715w, https://www.kunstfuerangeln.de/wp-content/uploads/2022/03/rt-1-209x300.jpg 209w, https://www.kunstfuerangeln.de/wp-content/uploads/2022/03/rt-1-768x1101.jpg 768w, https://www.kunstfuerangeln.de/wp-content/uploads/2022/03/rt-1.jpg 776w" sizes="auto, (max-width: 715px) 100vw, 715px" /></figure>
</div>
</div>

<div style="height:30px" aria-hidden="true" class="wp-block-spacer"></div>

<div class="wp-block-columns is-layout-flex wp-container-core-columns-is-layout-9d6595d7 wp-block-columns-is-layout-flex">
<div class="wp-block-column is-layout-flow wp-block-column-is-layout-flow">
<figure class="wp-block-image size-large"><img loading="lazy" decoding="async" width="2556" height="2560" src="https://www.kunstfuerangeln.de/wp-content/uploads/2022/03/ueber-uns-edited-scaled.jpg" alt="" class="wp-image-302" srcset="https://www.kunstfuerangeln.de/wp-content/uploads/2022/03/ueber-uns-edited-scaled.jpg 2556w, https://www.kunstfuerangeln.de/wp-content/uploads/2022/03/ueber-uns-edited-300x300.jpg 300w, https://www.kunstfuerangeln.de/wp-content/uploads/2022/03/ueber-uns-edited-1022x1024.jpg 1022w, https://www.kunstfuerangeln.de/wp-content/uploads/2022/03/ueber-uns-edited-150x150.jpg 150w, https://www.kunstfuerangeln.de/wp-content/uploads/2022/03/ueber-uns-edited-768x769.jpg 768w, https://www.kunstfuerangeln.de/wp-content/uploads/2022/03/ueber-uns-edited-1534x1536.jpg 1534w, https://www.kunstfuerangeln.de/wp-content/uploads/2022/03/ueber-uns-edited-2045x2048.jpg 2045w" sizes="auto, (max-width: 2556px) 100vw, 2556px" /></figure>
</div>



<div class="wp-block-column is-layout-flow wp-block-column-is-layout-flow">
<p class="has-drop-cap"><em>Vi er glade for, at vi med foreningen KUNST für ANGELN e.V.  </em><br /><em>og ROOSEN-TRINKS COLLECTION flytter samtidskunsten ind på den idylliske Wittkielhof i Angeln. Gårdspladsen fra det 19. århundrede tilbyder en unik scene for kunst. I løbet af de sidste par år har jeg renoveret den tresidede gårdhave, som er typisk for regionen, og forvandlet den til et livligt sted, hvor folk kan mødes og hygge sig. Nu, hvor samlingen er flyttet ind, venter der os et helt nyt perspektiv: Kunsten forbinder de historiske bygninger med den store park og udfolder sin fulde effekt. Vi håber på mange berigende øjeblikke og møder i en særlig atmosfære &#8211; med appel til hele regionen.</em></p>



<p><strong>Heinrich Nissen, ejer af Wittkielhof</strong></p>
</div>
</div>

<p>Om os Foreningen KUNST für ANGELN har til formål at berige regionen med samtidskunst og aktivt inddrage lokalbefolkningen. Roosen-Trinks-samlingen skal ikke lande som en UFO &#8211; den skal ikke være et fremmedlegeme &#8211; i stedet ønsker vi gradvist at udvikle formater til regionen. Vi vil også arbejde sammen med kunstnere og kuratorer om at udvikle [&hellip;]</p>
