{"id":11525,"date":"2022-03-08T15:07:47","date_gmt":"2022-03-08T14:07:47","guid":{"rendered":"https:\/\/www.kunstfuerangeln.de\/udstillinger"},"modified":"2026-04-20T19:00:06","modified_gmt":"2026-04-20T17:00:06","slug":"udstillinger","status":"publish","type":"page","link":"https:\/\/www.kunstfuerangeln.de\/da\/udstillinger","title":{"rendered":"Udstillinger"},"content":{"rendered":"<h1 class=\"wp-block-post-title\">Udstillinger<\/h1>\n\n\n<p class=\"has-medium-font-size\">Den aktuelle udstilling <strong>\u201cJeg er en Drinnie\u201d<\/strong> \u00e5bnede den 19. april 2026. Mange bes\u00f8gende og kunstnere var til stede!<br \/>Mellem tilbagetr\u00e6kning og selvh\u00e6vdelse g\u00f8r udstillingen <em>\u201cJeg er en Drinnie\u201d<\/em> en moderne livsf\u00f8lelse synlig, som mange kender, men sj\u00e6ldent s\u00e6tter ord p\u00e5. Omkring 100 samtidige v\u00e6rker overs\u00e6tter begrebet \u201cDrinnie\u201d for f\u00f8rste gang til et flerstemmigt billedsprog. <strong>KUNST F\u00dcR ANGELN e.V.<\/strong> bringer dermed et popkulturelt begreb ind i kunstrummet \u2013 og \u00e5bner en f\u00f8lelsesm\u00e6ssig dialog om tilbagetr\u00e6kning, n\u00e6rhed og nye former for offentlighed.<br \/>At blive hjemme er ikke l\u00e6ngere et randf\u00e6nomen. Tysk-dansk kunst besk\u00e6ftiger sig med et begreb, der pr\u00e6cist beskriver vores samtid.<br \/><br \/><strong><a href=\"https:\/\/www.kunstfuerangeln.de\/da\/jeg-er-en-drinnie\">JEG ER EN DRINNIE<\/a><\/strong> \u2013 indtil den 17. maj 2026<br \/>(Fernisering &amp; \u00e5bent hus, fra kl. 12 til 17)<br \/><br \/><strong>\u00c5BNINGSTIDER:<\/strong> Torsdag til s\u00f8ndag, dagligt fra kl. 12.00 til 17.00<\/p>\n\n\n\n<p class=\"has-medium-font-size\">Og efter aftale direkte hos mig p\u00e5: <a href=\"mailto:visit@kunstfuerangeln.de\">visit@kunstfuerangeln.de<\/a><\/p>\n\n\n\n<div class=\"wp-block-buttons is-layout-flex wp-block-buttons-is-layout-flex\">\n<div class=\"wp-block-button is-style-outline is-style-outline--1\"><a class=\"wp-block-button__link wp-element-button\" href=\"https:\/\/www.kunstfuerangeln.de\/da\/udstillinger\/begivenheder\">Fotos fra eventet<\/a><\/div>\n<\/div>\n\n\n\n<hr class=\"wp-block-separator has-alpha-channel-opacity\"\/>\n\n\n\n<p class=\"has-medium-font-size\">Foreningen KUNST F\u00dcR ANGELN e.V. har pr\u00e6senteret seks udstillinger de seneste \u00e5r, den f\u00f8rste i 2022. I 2023 fejrede foreningen Ingrid Roosen-Trinks-samlingens 50-\u00e5rs jubil\u00e6um. P\u00e5 den m\u00e5de var det muligt at tilbyde et bredt kunstp\u00e6dagogisk program til det nordtyske og danske publikum. Ud over udstillingerne p\u00e5 Wittkielhof i Stolteb\u00fcll har der altid v\u00e6ret andre inspirerende arrangementer som f.eks. <a href=\"https:\/\/www.kunstfuerangeln.de\/da\/kunstuddannelse\/vaerksteder\">workshops<\/a>, <a href=\"https:\/\/www.kunstfuerangeln.de\/da\/kunstuddannelse\/kunst-for-boern\">kunst af b\u00f8rn<\/a>, <a href=\"https:\/\/www.kunstfuerangeln.de\/da\/kunst-mod-ensomhed\">kunst mod ensomhed<\/a>, <a href=\"https:\/\/www.kunstfuerangeln.de\/da\/kunst-og-musik-overvinder-graenser\">kunst og musik<\/a> og meget mere. Interessen fra de bes\u00f8gende og deltagerne var og er stor, og organisationens engagement vil forts\u00e6tte med at berige regionen kulturelt i fremtiden.    <\/p>\n\n\n\n<div class=\"wp-block-buttons is-layout-flex wp-block-buttons-is-layout-flex\">\n<div class=\"wp-block-button is-style-outline is-style-outline--2\"><a class=\"wp-block-button__link wp-element-button\" href=\"https:\/\/www.kunstfuerangeln.de\/da\/udstillinger\/tidligere-udstillinger\">TIDLIGERE UDSTILLINGER<\/a><\/div>\n<\/div>\n","protected":false},"excerpt":{"rendered":"<p>Den aktuelle udstilling \u201cJeg er en Drinnie\u201d \u00e5bnede den 19. april 2026. Mange bes\u00f8gende og kunstnere var til stede!Mellem tilbagetr\u00e6kning og selvh\u00e6vdelse g\u00f8r udstillingen \u201cJeg er en Drinnie\u201d en moderne livsf\u00f8lelse synlig, som mange kender, men sj\u00e6ldent s\u00e6tter ord p\u00e5. Omkring 100 samtidige v\u00e6rker overs\u00e6tter begrebet \u201cDrinnie\u201d for f\u00f8rste gang til et flerstemmigt billedsprog. KUNST [&hellip;]<\/p>\n","protected":false},"author":1,"featured_media":0,"parent":0,"menu_order":1,"comment_status":"closed","ping_status":"closed","template":"","meta":{"_acf_changed":false,"footnotes":""},"class_list":["post-11525","page","type-page","status-publish","hentry"],"acf":[],"_links":{"self":[{"href":"https:\/\/www.kunstfuerangeln.de\/da\/wp-json\/wp\/v2\/pages\/11525","targetHints":{"allow":["GET"]}}],"collection":[{"href":"https:\/\/www.kunstfuerangeln.de\/da\/wp-json\/wp\/v2\/pages"}],"about":[{"href":"https:\/\/www.kunstfuerangeln.de\/da\/wp-json\/wp\/v2\/types\/page"}],"author":[{"embeddable":true,"href":"https:\/\/www.kunstfuerangeln.de\/da\/wp-json\/wp\/v2\/users\/1"}],"replies":[{"embeddable":true,"href":"https:\/\/www.kunstfuerangeln.de\/da\/wp-json\/wp\/v2\/comments?post=11525"}],"version-history":[{"count":4,"href":"https:\/\/www.kunstfuerangeln.de\/da\/wp-json\/wp\/v2\/pages\/11525\/revisions"}],"predecessor-version":[{"id":11924,"href":"https:\/\/www.kunstfuerangeln.de\/da\/wp-json\/wp\/v2\/pages\/11525\/revisions\/11924"}],"wp:attachment":[{"href":"https:\/\/www.kunstfuerangeln.de\/da\/wp-json\/wp\/v2\/media?parent=11525"}],"curies":[{"name":"wp","href":"https:\/\/api.w.org\/{rel}","templated":true}]}}

<h1 class="wp-block-post-title">Udstillinger</h1>


<p class="has-medium-font-size">Den aktuelle udstilling <strong>“Jeg er en Drinnie”</strong> åbnede den 19. april 2026. Mange besøgende og kunstnere var til stede!<br />Mellem tilbagetrækning og selvhævdelse gør udstillingen <em>“Jeg er en Drinnie”</em> en moderne livsfølelse synlig, som mange kender, men sjældent sætter ord på. Omkring 100 samtidige værker oversætter begrebet “Drinnie” for første gang til et flerstemmigt billedsprog. <strong>KUNST FÜR ANGELN e.V.</strong> bringer dermed et popkulturelt begreb ind i kunstrummet – og åbner en følelsesmæssig dialog om tilbagetrækning, nærhed og nye former for offentlighed.<br />At blive hjemme er ikke længere et randfænomen. Tysk-dansk kunst beskæftiger sig med et begreb, der præcist beskriver vores samtid.<br /><br /><strong><a href="https://www.kunstfuerangeln.de/da/jeg-er-en-drinnie">JEG ER EN DRINNIE</a></strong> – indtil den 17. maj 2026<br />(Fernisering &amp; åbent hus, fra kl. 12 til 17)<br /><br /><strong>ÅBNINGSTIDER:</strong> Torsdag til søndag, dagligt fra kl. 12.00 til 17.00</p>



<p class="has-medium-font-size">Og efter aftale direkte hos mig på: <a href="mailto:visit@kunstfuerangeln.de">visit@kunstfuerangeln.de</a></p>



<div class="wp-block-buttons is-layout-flex wp-block-buttons-is-layout-flex">
<div class="wp-block-button is-style-outline is-style-outline--1"><a class="wp-block-button__link wp-element-button" href="https://www.kunstfuerangeln.de/da/udstillinger/begivenheder">Fotos fra eventet</a></div>
</div>



<hr class="wp-block-separator has-alpha-channel-opacity"/>



<p class="has-medium-font-size">Foreningen KUNST FÜR ANGELN e.V. har præsenteret seks udstillinger de seneste år, den første i 2022. I 2023 fejrede foreningen Ingrid Roosen-Trinks-samlingens 50-års jubilæum. På den måde var det muligt at tilbyde et bredt kunstpædagogisk program til det nordtyske og danske publikum. Ud over udstillingerne på Wittkielhof i Stoltebüll har der altid været andre inspirerende arrangementer som f.eks. <a href="https://www.kunstfuerangeln.de/da/kunstuddannelse/vaerksteder">workshops</a>, <a href="https://www.kunstfuerangeln.de/da/kunstuddannelse/kunst-for-boern">kunst af børn</a>, <a href="https://www.kunstfuerangeln.de/da/kunst-mod-ensomhed">kunst mod ensomhed</a>, <a href="https://www.kunstfuerangeln.de/da/kunst-og-musik-overvinder-graenser">kunst og musik</a> og meget mere. Interessen fra de besøgende og deltagerne var og er stor, og organisationens engagement vil fortsætte med at berige regionen kulturelt i fremtiden.    </p>



<div class="wp-block-buttons is-layout-flex wp-block-buttons-is-layout-flex">
<div class="wp-block-button is-style-outline is-style-outline--2"><a class="wp-block-button__link wp-element-button" href="https://www.kunstfuerangeln.de/da/udstillinger/tidligere-udstillinger">TIDLIGERE UDSTILLINGER</a></div>
</div>

<p>Den aktuelle udstilling “Jeg er en Drinnie” åbnede den 19. april 2026. Mange besøgende og kunstnere var til stede!Mellem tilbagetrækning og selvhævdelse gør udstillingen “Jeg er en Drinnie” en moderne livsfølelse synlig, som mange kender, men sjældent sætter ord på. Omkring 100 samtidige værker oversætter begrebet “Drinnie” for første gang til et flerstemmigt billedsprog. KUNST [&hellip;]</p>
